{"id":226,"date":"2021-01-16T22:16:00","date_gmt":"2021-01-17T01:16:00","guid":{"rendered":"https:\/\/lucianemonteiro.com\/?page_id=226"},"modified":"2024-09-10T22:24:47","modified_gmt":"2024-09-11T01:24:47","slug":"universo-feminino","status":"publish","type":"page","link":"https:\/\/lucianemonteiro.com\/index.php\/universo-feminino\/","title":{"rendered":"Universo feminino"},"content":{"rendered":"\n<div class=\"wp-block-image is-style-default\"><figure class=\"aligncenter size-medium is-resized\"><img loading=\"lazy\" decoding=\"async\" src=\"https:\/\/lucianemonteiro.com\/wp-content\/uploads\/2021\/01\/modelo-capa-2-1-218x300.jpg\" alt=\"\" class=\"wp-image-244\" width=\"218\" height=\"300\" srcset=\"https:\/\/lucianemonteiro.com\/wp-content\/uploads\/2021\/01\/modelo-capa-2-1-218x300.jpg 218w, https:\/\/lucianemonteiro.com\/wp-content\/uploads\/2021\/01\/modelo-capa-2-1-744x1024.jpg 744w, https:\/\/lucianemonteiro.com\/wp-content\/uploads\/2021\/01\/modelo-capa-2-1-768x1057.jpg 768w, https:\/\/lucianemonteiro.com\/wp-content\/uploads\/2021\/01\/modelo-capa-2-1-600x826.jpg 600w, https:\/\/lucianemonteiro.com\/wp-content\/uploads\/2021\/01\/modelo-capa-2-1.jpg 930w\" sizes=\"auto, (max-width: 218px) 100vw, 218px\" \/><\/figure><\/div>\n\n\n\n<p>Gosto muito de explorar a alma feminina, em seus anseios, seus recuos e retornos triunfais. <a href=\"https:\/\/lucianemonteiro.com\/index.php\/taca-escarlate\/\" target=\"_blank\" rel=\"noreferrer noopener\">Ta\u00e7a Escarlate<\/a> re\u00fane contos do universo feminino, onde o real e o psicol\u00f3gico se fundem o tempo todo. Guerreiras ou fr\u00e1geis, intensas ou rasas, todas merecem uma p\u00e1gina, duas, quantas forem necess\u00e1rias para bordar seus ensejos.<\/p>\n\n\n\n<p class=\"has-text-align-center\"><strong>ESS\u00caNCIA RARA<\/strong><\/p>\n\n\n\n<div class=\"wp-block-image is-style-rounded\"><figure class=\"aligncenter size-large is-resized\"><img loading=\"lazy\" decoding=\"async\" src=\"https:\/\/lucianemonteiro.com\/wp-content\/uploads\/2021\/01\/young-woman-2622740_1920-1024x682.jpg\" alt=\"\" class=\"wp-image-251\" width=\"512\" height=\"341\" srcset=\"https:\/\/lucianemonteiro.com\/wp-content\/uploads\/2021\/01\/young-woman-2622740_1920-1024x682.jpg 1024w, https:\/\/lucianemonteiro.com\/wp-content\/uploads\/2021\/01\/young-woman-2622740_1920-300x200.jpg 300w, https:\/\/lucianemonteiro.com\/wp-content\/uploads\/2021\/01\/young-woman-2622740_1920-768x512.jpg 768w, https:\/\/lucianemonteiro.com\/wp-content\/uploads\/2021\/01\/young-woman-2622740_1920-1536x1023.jpg 1536w, https:\/\/lucianemonteiro.com\/wp-content\/uploads\/2021\/01\/young-woman-2622740_1920-1140x759.jpg 1140w, https:\/\/lucianemonteiro.com\/wp-content\/uploads\/2021\/01\/young-woman-2622740_1920-600x400.jpg 600w, https:\/\/lucianemonteiro.com\/wp-content\/uploads\/2021\/01\/young-woman-2622740_1920.jpg 1920w\" sizes=\"auto, (max-width: 512px) 100vw, 512px\" \/><figcaption><span class=\"has-inline-color has-black-color\">Imagem de&nbsp;<a href=\"https:\/\/pixabay.com\/pt\/users\/jillwellington-334088\/?utm_source=link-attribution&amp;utm_medium=referral&amp;utm_campaign=image&amp;utm_content=2622740\">Jill Wellington<\/a>&nbsp;por&nbsp;<a href=\"https:\/\/pixabay.com\/pt\/?utm_source=link-attribution&amp;utm_medium=referral&amp;utm_campaign=image&amp;utm_content=2622740\">Pixabay<\/a>&nbsp;<\/span><\/figcaption><\/figure><\/div>\n\n\n\n<p class=\"has-text-align-center\"><em>Desejo \u00e9 o que move. Desejo de estar l\u00e1 e de tocar\u2026 Tocar o sons que n\u00e3o se tocam, ver o sentido que n\u00e3o se enxerga, e ouvir os sil\u00eancios que n\u00e3o se ouvem. Que vontade de estar intensa e intensamente mergulhar nessa ess\u00eancia que me grita. E se ou\u00e7o o chamado, por que n\u00e3o corro? N\u00e3o sei, s\u00f3 o eco me responde, o eco de meus medos escondidos. Mas sou t\u00e3o intensa, t\u00e3o intensa que tenho dificuldade de conter toda a plenitude que se expande dentro de mim. <\/em><\/p>\n\n\n\n<p class=\"has-text-align-center\"><em>N\u00e3o importa o que venha do sil\u00eancio, meus sentidos se agu\u00e7am como fera selvagem e os sons do mundo gritam ao meu ouvido. Estou aqui, mas caminho l\u00e1, a passos largos, passos gigantes e sorriso perturbador. Estou l\u00e1 onde os sons gritam e o sil\u00eancio se derrama em l\u00e1grimas quentes de sussurros ardentes. Estou l\u00e1 onde a voz me chama. E a chama arde, viva e intensa, quase sem pressa de queimar.<\/em><\/p>\n","protected":false},"excerpt":{"rendered":"<p>Gosto muito de explorar a alma feminina, em seus anseios, seus recuos e retornos triunfais. Ta\u00e7a Escarlate re\u00fane contos do universo feminino, onde o real e o psicol\u00f3gico se fundem o tempo todo. Guerreiras ou fr\u00e1geis, intensas ou rasas, todas merecem uma p\u00e1gina, duas, quantas forem necess\u00e1rias para bordar seus ensejos. ESS\u00caNCIA RARA Desejo \u00e9 o que move. Desejo de estar l\u00e1 e de tocar\u2026 Tocar o sons que n\u00e3o se tocam, ver o sentido que n\u00e3o se enxerga, e ouvir os sil\u00eancios que n\u00e3o se ouvem. Que vontade de estar intensa e intensamente mergulhar nessa ess\u00eancia que me grita. E se ou\u00e7o o chamado, por que n\u00e3o corro? N\u00e3o sei, s\u00f3 o eco me responde, o eco de meus medos escondidos. Mas sou t\u00e3o intensa, t\u00e3o intensa que tenho dificuldade de conter toda a plenitude que se expande dentro de mim. N\u00e3o importa o que venha do sil\u00eancio, meus sentidos se agu\u00e7am como fera selvagem e os sons do mundo gritam ao meu ouvido. Estou aqui, mas caminho l\u00e1, a passos largos, passos gigantes e sorriso perturbador. Estou l\u00e1 onde os sons gritam e o sil\u00eancio se derrama em l\u00e1grimas quentes de sussurros ardentes. Estou l\u00e1 onde a voz me chama. E a chama arde, viva e intensa, quase sem pressa de queimar.<\/p>\n","protected":false},"author":1,"featured_media":0,"parent":0,"menu_order":0,"comment_status":"closed","ping_status":"closed","template":"","meta":{"footnotes":""},"class_list":["post-226","page","type-page","status-publish","hentry"],"yoast_head":"<!-- This site is optimized with the Yoast SEO plugin v26.6 - https:\/\/yoast.com\/wordpress\/plugins\/seo\/ -->\n<title>Universo feminino - Luciane Monteiro<\/title>\n<meta name=\"description\" content=\"Guerreiras ou fr\u00e1geis, intensas ou rasas, todas merecem uma p\u00e1gina, duas, quantas forem necess\u00e1rias para bordar seus ensejos.\" \/>\n<meta name=\"robots\" content=\"index, follow, max-snippet:-1, max-image-preview:large, max-video-preview:-1\" \/>\n<link rel=\"canonical\" href=\"https:\/\/lucianemonteiro.com\/index.php\/universo-feminino\/\" \/>\n<meta property=\"og:locale\" content=\"pt_BR\" \/>\n<meta property=\"og:type\" content=\"article\" \/>\n<meta property=\"og:title\" content=\"Universo feminino - Luciane Monteiro\" \/>\n<meta property=\"og:description\" content=\"Guerreiras ou fr\u00e1geis, intensas ou rasas, todas merecem uma p\u00e1gina, duas, quantas forem necess\u00e1rias para bordar seus ensejos.\" \/>\n<meta property=\"og:url\" content=\"https:\/\/lucianemonteiro.com\/index.php\/universo-feminino\/\" \/>\n<meta property=\"og:site_name\" content=\"Luciane Monteiro\" \/>\n<meta property=\"article:modified_time\" content=\"2024-09-11T01:24:47+00:00\" \/>\n<meta property=\"og:image\" content=\"https:\/\/lucianemonteiro.com\/wp-content\/uploads\/2021\/01\/modelo-capa-2-1-218x300.jpg\" \/>\n<meta name=\"twitter:card\" content=\"summary_large_image\" \/>\n<meta name=\"twitter:label1\" content=\"Est. tempo de leitura\" \/>\n\t<meta name=\"twitter:data1\" content=\"2 minutos\" \/>\n<script type=\"application\/ld+json\" class=\"yoast-schema-graph\">{\"@context\":\"https:\/\/schema.org\",\"@graph\":[{\"@type\":\"WebPage\",\"@id\":\"https:\/\/lucianemonteiro.com\/index.php\/universo-feminino\/\",\"url\":\"https:\/\/lucianemonteiro.com\/index.php\/universo-feminino\/\",\"name\":\"Universo feminino - Luciane Monteiro\",\"isPartOf\":{\"@id\":\"https:\/\/lucianemonteiro.com\/#website\"},\"primaryImageOfPage\":{\"@id\":\"https:\/\/lucianemonteiro.com\/index.php\/universo-feminino\/#primaryimage\"},\"image\":{\"@id\":\"https:\/\/lucianemonteiro.com\/index.php\/universo-feminino\/#primaryimage\"},\"thumbnailUrl\":\"https:\/\/lucianemonteiro.com\/wp-content\/uploads\/2021\/01\/modelo-capa-2-1-218x300.jpg\",\"datePublished\":\"2021-01-17T01:16:00+00:00\",\"dateModified\":\"2024-09-11T01:24:47+00:00\",\"description\":\"Guerreiras ou fr\u00e1geis, intensas ou rasas, todas merecem uma p\u00e1gina, duas, quantas forem necess\u00e1rias para bordar seus ensejos.\",\"breadcrumb\":{\"@id\":\"https:\/\/lucianemonteiro.com\/index.php\/universo-feminino\/#breadcrumb\"},\"inLanguage\":\"pt-BR\",\"potentialAction\":[{\"@type\":\"ReadAction\",\"target\":[\"https:\/\/lucianemonteiro.com\/index.php\/universo-feminino\/\"]}]},{\"@type\":\"ImageObject\",\"inLanguage\":\"pt-BR\",\"@id\":\"https:\/\/lucianemonteiro.com\/index.php\/universo-feminino\/#primaryimage\",\"url\":\"https:\/\/lucianemonteiro.com\/wp-content\/uploads\/2021\/01\/modelo-capa-2-1.jpg\",\"contentUrl\":\"https:\/\/lucianemonteiro.com\/wp-content\/uploads\/2021\/01\/modelo-capa-2-1.jpg\",\"width\":930,\"height\":1280},{\"@type\":\"BreadcrumbList\",\"@id\":\"https:\/\/lucianemonteiro.com\/index.php\/universo-feminino\/#breadcrumb\",\"itemListElement\":[{\"@type\":\"ListItem\",\"position\":1,\"name\":\"In\u00edcio\",\"item\":\"https:\/\/lucianemonteiro.com\/\"},{\"@type\":\"ListItem\",\"position\":2,\"name\":\"Universo feminino\"}]},{\"@type\":\"WebSite\",\"@id\":\"https:\/\/lucianemonteiro.com\/#website\",\"url\":\"https:\/\/lucianemonteiro.com\/\",\"name\":\"Luciane Monteiro\",\"description\":\"Escritos\",\"potentialAction\":[{\"@type\":\"SearchAction\",\"target\":{\"@type\":\"EntryPoint\",\"urlTemplate\":\"https:\/\/lucianemonteiro.com\/?s={search_term_string}\"},\"query-input\":{\"@type\":\"PropertyValueSpecification\",\"valueRequired\":true,\"valueName\":\"search_term_string\"}}],\"inLanguage\":\"pt-BR\"}]}<\/script>\n<!-- \/ Yoast SEO plugin. -->","yoast_head_json":{"title":"Universo feminino - Luciane Monteiro","description":"Guerreiras ou fr\u00e1geis, intensas ou rasas, todas merecem uma p\u00e1gina, duas, quantas forem necess\u00e1rias para bordar seus ensejos.","robots":{"index":"index","follow":"follow","max-snippet":"max-snippet:-1","max-image-preview":"max-image-preview:large","max-video-preview":"max-video-preview:-1"},"canonical":"https:\/\/lucianemonteiro.com\/index.php\/universo-feminino\/","og_locale":"pt_BR","og_type":"article","og_title":"Universo feminino - Luciane Monteiro","og_description":"Guerreiras ou fr\u00e1geis, intensas ou rasas, todas merecem uma p\u00e1gina, duas, quantas forem necess\u00e1rias para bordar seus ensejos.","og_url":"https:\/\/lucianemonteiro.com\/index.php\/universo-feminino\/","og_site_name":"Luciane Monteiro","article_modified_time":"2024-09-11T01:24:47+00:00","og_image":[{"url":"https:\/\/lucianemonteiro.com\/wp-content\/uploads\/2021\/01\/modelo-capa-2-1-218x300.jpg","type":"","width":"","height":""}],"twitter_card":"summary_large_image","twitter_misc":{"Est. tempo de leitura":"2 minutos"},"schema":{"@context":"https:\/\/schema.org","@graph":[{"@type":"WebPage","@id":"https:\/\/lucianemonteiro.com\/index.php\/universo-feminino\/","url":"https:\/\/lucianemonteiro.com\/index.php\/universo-feminino\/","name":"Universo feminino - Luciane Monteiro","isPartOf":{"@id":"https:\/\/lucianemonteiro.com\/#website"},"primaryImageOfPage":{"@id":"https:\/\/lucianemonteiro.com\/index.php\/universo-feminino\/#primaryimage"},"image":{"@id":"https:\/\/lucianemonteiro.com\/index.php\/universo-feminino\/#primaryimage"},"thumbnailUrl":"https:\/\/lucianemonteiro.com\/wp-content\/uploads\/2021\/01\/modelo-capa-2-1-218x300.jpg","datePublished":"2021-01-17T01:16:00+00:00","dateModified":"2024-09-11T01:24:47+00:00","description":"Guerreiras ou fr\u00e1geis, intensas ou rasas, todas merecem uma p\u00e1gina, duas, quantas forem necess\u00e1rias para bordar seus ensejos.","breadcrumb":{"@id":"https:\/\/lucianemonteiro.com\/index.php\/universo-feminino\/#breadcrumb"},"inLanguage":"pt-BR","potentialAction":[{"@type":"ReadAction","target":["https:\/\/lucianemonteiro.com\/index.php\/universo-feminino\/"]}]},{"@type":"ImageObject","inLanguage":"pt-BR","@id":"https:\/\/lucianemonteiro.com\/index.php\/universo-feminino\/#primaryimage","url":"https:\/\/lucianemonteiro.com\/wp-content\/uploads\/2021\/01\/modelo-capa-2-1.jpg","contentUrl":"https:\/\/lucianemonteiro.com\/wp-content\/uploads\/2021\/01\/modelo-capa-2-1.jpg","width":930,"height":1280},{"@type":"BreadcrumbList","@id":"https:\/\/lucianemonteiro.com\/index.php\/universo-feminino\/#breadcrumb","itemListElement":[{"@type":"ListItem","position":1,"name":"In\u00edcio","item":"https:\/\/lucianemonteiro.com\/"},{"@type":"ListItem","position":2,"name":"Universo feminino"}]},{"@type":"WebSite","@id":"https:\/\/lucianemonteiro.com\/#website","url":"https:\/\/lucianemonteiro.com\/","name":"Luciane Monteiro","description":"Escritos","potentialAction":[{"@type":"SearchAction","target":{"@type":"EntryPoint","urlTemplate":"https:\/\/lucianemonteiro.com\/?s={search_term_string}"},"query-input":{"@type":"PropertyValueSpecification","valueRequired":true,"valueName":"search_term_string"}}],"inLanguage":"pt-BR"}]}},"acf":[],"_links":{"self":[{"href":"https:\/\/lucianemonteiro.com\/index.php\/wp-json\/wp\/v2\/pages\/226","targetHints":{"allow":["GET"]}}],"collection":[{"href":"https:\/\/lucianemonteiro.com\/index.php\/wp-json\/wp\/v2\/pages"}],"about":[{"href":"https:\/\/lucianemonteiro.com\/index.php\/wp-json\/wp\/v2\/types\/page"}],"author":[{"embeddable":true,"href":"https:\/\/lucianemonteiro.com\/index.php\/wp-json\/wp\/v2\/users\/1"}],"replies":[{"embeddable":true,"href":"https:\/\/lucianemonteiro.com\/index.php\/wp-json\/wp\/v2\/comments?post=226"}],"version-history":[{"count":7,"href":"https:\/\/lucianemonteiro.com\/index.php\/wp-json\/wp\/v2\/pages\/226\/revisions"}],"predecessor-version":[{"id":1896,"href":"https:\/\/lucianemonteiro.com\/index.php\/wp-json\/wp\/v2\/pages\/226\/revisions\/1896"}],"wp:attachment":[{"href":"https:\/\/lucianemonteiro.com\/index.php\/wp-json\/wp\/v2\/media?parent=226"}],"curies":[{"name":"wp","href":"https:\/\/api.w.org\/{rel}","templated":true}]}}

<div class="wp-block-image is-style-default"><figure class="aligncenter size-medium is-resized"><img loading="lazy" decoding="async" src="https://lucianemonteiro.com/wp-content/uploads/2021/01/modelo-capa-2-1-218x300.jpg" alt="" class="wp-image-244" width="218" height="300" srcset="https://lucianemonteiro.com/wp-content/uploads/2021/01/modelo-capa-2-1-218x300.jpg 218w, https://lucianemonteiro.com/wp-content/uploads/2021/01/modelo-capa-2-1-744x1024.jpg 744w, https://lucianemonteiro.com/wp-content/uploads/2021/01/modelo-capa-2-1-768x1057.jpg 768w, https://lucianemonteiro.com/wp-content/uploads/2021/01/modelo-capa-2-1-600x826.jpg 600w, https://lucianemonteiro.com/wp-content/uploads/2021/01/modelo-capa-2-1.jpg 930w" sizes="auto, (max-width: 218px) 100vw, 218px" /></figure></div>



<p>Gosto muito de explorar a alma feminina, em seus anseios, seus recuos e retornos triunfais. <a href="https://lucianemonteiro.com/index.php/taca-escarlate/" target="_blank" rel="noreferrer noopener">Taça Escarlate</a> reúne contos do universo feminino, onde o real e o psicológico se fundem o tempo todo. Guerreiras ou frágeis, intensas ou rasas, todas merecem uma página, duas, quantas forem necessárias para bordar seus ensejos.</p>



<p class="has-text-align-center"><strong>ESSÊNCIA RARA</strong></p>



<div class="wp-block-image is-style-rounded"><figure class="aligncenter size-large is-resized"><img loading="lazy" decoding="async" src="https://lucianemonteiro.com/wp-content/uploads/2021/01/young-woman-2622740_1920-1024x682.jpg" alt="" class="wp-image-251" width="512" height="341" srcset="https://lucianemonteiro.com/wp-content/uploads/2021/01/young-woman-2622740_1920-1024x682.jpg 1024w, https://lucianemonteiro.com/wp-content/uploads/2021/01/young-woman-2622740_1920-300x200.jpg 300w, https://lucianemonteiro.com/wp-content/uploads/2021/01/young-woman-2622740_1920-768x512.jpg 768w, https://lucianemonteiro.com/wp-content/uploads/2021/01/young-woman-2622740_1920-1536x1023.jpg 1536w, https://lucianemonteiro.com/wp-content/uploads/2021/01/young-woman-2622740_1920-1140x759.jpg 1140w, https://lucianemonteiro.com/wp-content/uploads/2021/01/young-woman-2622740_1920-600x400.jpg 600w, https://lucianemonteiro.com/wp-content/uploads/2021/01/young-woman-2622740_1920.jpg 1920w" sizes="auto, (max-width: 512px) 100vw, 512px" /><figcaption><span class="has-inline-color has-black-color">Imagem de&nbsp;<a href="https://pixabay.com/pt/users/jillwellington-334088/?utm_source=link-attribution&amp;utm_medium=referral&amp;utm_campaign=image&amp;utm_content=2622740">Jill Wellington</a>&nbsp;por&nbsp;<a href="https://pixabay.com/pt/?utm_source=link-attribution&amp;utm_medium=referral&amp;utm_campaign=image&amp;utm_content=2622740">Pixabay</a>&nbsp;</span></figcaption></figure></div>



<p class="has-text-align-center"><em>Desejo é o que move. Desejo de estar lá e de tocar… Tocar o sons que não se tocam, ver o sentido que não se enxerga, e ouvir os silêncios que não se ouvem. Que vontade de estar intensa e intensamente mergulhar nessa essência que me grita. E se ouço o chamado, por que não corro? Não sei, só o eco me responde, o eco de meus medos escondidos. Mas sou tão intensa, tão intensa que tenho dificuldade de conter toda a plenitude que se expande dentro de mim. </em></p>



<p class="has-text-align-center"><em>Não importa o que venha do silêncio, meus sentidos se aguçam como fera selvagem e os sons do mundo gritam ao meu ouvido. Estou aqui, mas caminho lá, a passos largos, passos gigantes e sorriso perturbador. Estou lá onde os sons gritam e o silêncio se derrama em lágrimas quentes de sussurros ardentes. Estou lá onde a voz me chama. E a chama arde, viva e intensa, quase sem pressa de queimar.</em></p>

<p>Gosto muito de explorar a alma feminina, em seus anseios, seus recuos e retornos triunfais. Taça Escarlate reúne contos do universo feminino, onde o real e o psicológico se fundem o tempo todo. Guerreiras ou frágeis, intensas ou rasas, todas merecem uma página, duas, quantas forem necessárias para bordar seus ensejos. ESSÊNCIA RARA Desejo é o que move. Desejo de estar lá e de tocar… Tocar o sons que não se tocam, ver o sentido que não se enxerga, e ouvir os silêncios que não se ouvem. Que vontade de estar intensa e intensamente mergulhar nessa essência que me grita. E se ouço o chamado, por que não corro? Não sei, só o eco me responde, o eco de meus medos escondidos. Mas sou tão intensa, tão intensa que tenho dificuldade de conter toda a plenitude que se expande dentro de mim. Não importa o que venha do silêncio, meus sentidos se aguçam como fera selvagem e os sons do mundo gritam ao meu ouvido. Estou aqui, mas caminho lá, a passos largos, passos gigantes e sorriso perturbador. Estou lá onde os sons gritam e o silêncio se derrama em lágrimas quentes de sussurros ardentes. Estou lá onde a voz me chama. E a chama arde, viva e intensa, quase sem pressa de queimar.</p>

<!-- This site is optimized with the Yoast SEO plugin v26.6 - https://yoast.com/wordpress/plugins/seo/ -->
<title>Universo feminino - Luciane Monteiro</title>
<meta name="description" content="Guerreiras ou frágeis, intensas ou rasas, todas merecem uma página, duas, quantas forem necessárias para bordar seus ensejos." />
<meta name="robots" content="index, follow, max-snippet:-1, max-image-preview:large, max-video-preview:-1" />
<link rel="canonical" href="https://lucianemonteiro.com/index.php/universo-feminino/" />
<meta property="og:locale" content="pt_BR" />
<meta property="og:type" content="article" />
<meta property="og:title" content="Universo feminino - Luciane Monteiro" />
<meta property="og:description" content="Guerreiras ou frágeis, intensas ou rasas, todas merecem uma página, duas, quantas forem necessárias para bordar seus ensejos." />
<meta property="og:url" content="https://lucianemonteiro.com/index.php/universo-feminino/" />
<meta property="og:site_name" content="Luciane Monteiro" />
<meta property="article:modified_time" content="2024-09-11T01:24:47+00:00" />
<meta property="og:image" content="https://lucianemonteiro.com/wp-content/uploads/2021/01/modelo-capa-2-1-218x300.jpg" />
<meta name="twitter:card" content="summary_large_image" />
<meta name="twitter:label1" content="Est. tempo de leitura" />
	<meta name="twitter:data1" content="2 minutos" />
<script type="application/ld+json" class="yoast-schema-graph">{"@context":"https://schema.org","@graph":[{"@type":"WebPage","@id":"https://lucianemonteiro.com/index.php/universo-feminino/","url":"https://lucianemonteiro.com/index.php/universo-feminino/","name":"Universo feminino - Luciane Monteiro","isPartOf":{"@id":"https://lucianemonteiro.com/#website"},"primaryImageOfPage":{"@id":"https://lucianemonteiro.com/index.php/universo-feminino/#primaryimage"},"image":{"@id":"https://lucianemonteiro.com/index.php/universo-feminino/#primaryimage"},"thumbnailUrl":"https://lucianemonteiro.com/wp-content/uploads/2021/01/modelo-capa-2-1-218x300.jpg","datePublished":"2021-01-17T01:16:00+00:00","dateModified":"2024-09-11T01:24:47+00:00","description":"Guerreiras ou frágeis, intensas ou rasas, todas merecem uma página, duas, quantas forem necessárias para bordar seus ensejos.","breadcrumb":{"@id":"https://lucianemonteiro.com/index.php/universo-feminino/#breadcrumb"},"inLanguage":"pt-BR","potentialAction":[{"@type":"ReadAction","target":["https://lucianemonteiro.com/index.php/universo-feminino/"]}]},{"@type":"ImageObject","inLanguage":"pt-BR","@id":"https://lucianemonteiro.com/index.php/universo-feminino/#primaryimage","url":"https://lucianemonteiro.com/wp-content/uploads/2021/01/modelo-capa-2-1.jpg","contentUrl":"https://lucianemonteiro.com/wp-content/uploads/2021/01/modelo-capa-2-1.jpg","width":930,"height":1280},{"@type":"BreadcrumbList","@id":"https://lucianemonteiro.com/index.php/universo-feminino/#breadcrumb","itemListElement":[{"@type":"ListItem","position":1,"name":"Início","item":"https://lucianemonteiro.com/"},{"@type":"ListItem","position":2,"name":"Universo feminino"}]},{"@type":"WebSite","@id":"https://lucianemonteiro.com/#website","url":"https://lucianemonteiro.com/","name":"Luciane Monteiro","description":"Escritos","potentialAction":[{"@type":"SearchAction","target":{"@type":"EntryPoint","urlTemplate":"https://lucianemonteiro.com/?s={search_term_string}"},"query-input":{"@type":"PropertyValueSpecification","valueRequired":true,"valueName":"search_term_string"}}],"inLanguage":"pt-BR"}]}</script>
<!-- / Yoast SEO plugin. -->

Guerreiras ou frágeis, intensas ou rasas, todas merecem uma página, duas, quantas forem necessárias para bordar seus ensejos.

Início
