{"id":2114,"date":"2025-03-09T21:15:08","date_gmt":"2025-03-10T00:15:08","guid":{"rendered":"https:\/\/lucianemonteiro.com\/?page_id=2114"},"modified":"2025-03-09T21:45:22","modified_gmt":"2025-03-10T00:45:22","slug":"nuit-des-femmes","status":"publish","type":"page","link":"https:\/\/lucianemonteiro.com\/index.php\/nuit-des-femmes\/","title":{"rendered":"Nuit des femmes"},"content":{"rendered":"\n<p>Un \u00e9v\u00e9nement du Voix de Pasaj o\u00f9 15 femmes venues de divers horizons (Mauricie, Ha\u00efti, Br\u00e9sil, C\u00f4te d\u2019Ivoire, Martinique, Argentine) ont pr\u00e9sent\u00e9 des \u0153uvres multim\u00e9dia ainsi que des performances de danse, musique et po\u00e9sie, mettant en lumi\u00e8re les sp\u00e9cificit\u00e9s du f\u00e9minin. L\u2019appropriation du f\u00e9minin a \u00e9t\u00e9 explor\u00e9e \u00e0 travers les images, la parole, le mouvement et le leadership, offrant une r\u00e9flexion sur des aspects souvent inexplor\u00e9s de la f\u00e9minit\u00e9.<\/p>\n\n\n\n<p>Um evento do Voix de Pasaj, em que 15 mulheres de diversos horizontes (Mauricie, Haiti, Brasil, Costa do Marfim, Martinica, Argentina) apresentaram obras multim\u00eddia, al\u00e9m de performances de dan\u00e7a, m\u00fasica e poesia, abordando as especificidades do feminino. A apropria\u00e7\u00e3o do feminino foi explorada atrav\u00e9s das imagens, da palavra, do movimento e da lideran\u00e7a, oferecendo uma reflex\u00e3o sobre aspectos frequentemente n\u00e3o expressos da feminilidade.<\/p>\n\n\n\n<figure class=\"wp-block-gallery columns-1 is-cropped wp-block-gallery-1 is-layout-flex wp-block-gallery-is-layout-flex\"><ul class=\"blocks-gallery-grid\"><li class=\"blocks-gallery-item\"><figure><img loading=\"lazy\" decoding=\"async\" width=\"1024\" height=\"768\" src=\"https:\/\/lucianemonteiro.com\/wp-content\/uploads\/2025\/03\/229de2f1-909b-4aa2-bece-7ebb9afb0fdc-1024x768.jpeg\" alt=\"\" data-id=\"2115\" data-full-url=\"https:\/\/lucianemonteiro.com\/wp-content\/uploads\/2025\/03\/229de2f1-909b-4aa2-bece-7ebb9afb0fdc.jpeg\" data-link=\"https:\/\/lucianemonteiro.com\/?attachment_id=2115\" class=\"wp-image-2115\" srcset=\"https:\/\/lucianemonteiro.com\/wp-content\/uploads\/2025\/03\/229de2f1-909b-4aa2-bece-7ebb9afb0fdc-1024x768.jpeg 1024w, https:\/\/lucianemonteiro.com\/wp-content\/uploads\/2025\/03\/229de2f1-909b-4aa2-bece-7ebb9afb0fdc-300x225.jpeg 300w, https:\/\/lucianemonteiro.com\/wp-content\/uploads\/2025\/03\/229de2f1-909b-4aa2-bece-7ebb9afb0fdc-768x576.jpeg 768w, https:\/\/lucianemonteiro.com\/wp-content\/uploads\/2025\/03\/229de2f1-909b-4aa2-bece-7ebb9afb0fdc-1536x1152.jpeg 1536w, https:\/\/lucianemonteiro.com\/wp-content\/uploads\/2025\/03\/229de2f1-909b-4aa2-bece-7ebb9afb0fdc-1140x855.jpeg 1140w, https:\/\/lucianemonteiro.com\/wp-content\/uploads\/2025\/03\/229de2f1-909b-4aa2-bece-7ebb9afb0fdc-600x450.jpeg 600w, https:\/\/lucianemonteiro.com\/wp-content\/uploads\/2025\/03\/229de2f1-909b-4aa2-bece-7ebb9afb0fdc.jpeg 1600w\" sizes=\"auto, (max-width: 1024px) 100vw, 1024px\" \/><\/figure><\/li><\/ul><\/figure>\n","protected":false},"excerpt":{"rendered":"<p>Un \u00e9v\u00e9nement du Voix de Pasaj o\u00f9 15 femmes venues de divers horizons (Mauricie, Ha\u00efti, Br\u00e9sil, C\u00f4te d\u2019Ivoire, Martinique, Argentine) ont pr\u00e9sent\u00e9 des \u0153uvres multim\u00e9dia ainsi que des performances de danse, musique et po\u00e9sie, mettant en lumi\u00e8re les sp\u00e9cificit\u00e9s du f\u00e9minin. L\u2019appropriation du f\u00e9minin a \u00e9t\u00e9 explor\u00e9e \u00e0 travers les images, la parole, le mouvement et le leadership, offrant une r\u00e9flexion sur des aspects souvent inexplor\u00e9s de la f\u00e9minit\u00e9. Um evento do Voix de Pasaj, em que 15 mulheres de diversos horizontes (Mauricie, Haiti, Brasil, Costa do Marfim, Martinica, Argentina) apresentaram obras multim\u00eddia, al\u00e9m de performances de dan\u00e7a, m\u00fasica e poesia, abordando as especificidades do feminino. A apropria\u00e7\u00e3o do feminino foi explorada atrav\u00e9s das imagens, da palavra, do movimento e da lideran\u00e7a, oferecendo uma reflex\u00e3o sobre aspectos frequentemente n\u00e3o expressos da feminilidade.<\/p>\n","protected":false},"author":1,"featured_media":0,"parent":0,"menu_order":0,"comment_status":"closed","ping_status":"closed","template":"","meta":{"footnotes":""},"class_list":["post-2114","page","type-page","status-publish","hentry"],"yoast_head":"<!-- This site is optimized with the Yoast SEO plugin v26.6 - https:\/\/yoast.com\/wordpress\/plugins\/seo\/ -->\n<title>Nuit des femmes - Luciane Monteiro<\/title>\n<meta name=\"description\" content=\"A apropria\u00e7\u00e3o do feminino explorada atrav\u00e9s de imagens, da palavra, do movimento e da lideran\u00e7a, oferecendo uma reflex\u00e3o sobre aspectos frequentemente n\u00e3o expressos da feminilidade.\" \/>\n<meta name=\"robots\" content=\"index, follow, max-snippet:-1, max-image-preview:large, max-video-preview:-1\" \/>\n<link rel=\"canonical\" href=\"https:\/\/lucianemonteiro.com\/index.php\/nuit-des-femmes\/\" \/>\n<meta property=\"og:locale\" content=\"pt_BR\" \/>\n<meta property=\"og:type\" content=\"article\" \/>\n<meta property=\"og:title\" content=\"Nuit des femmes - Luciane Monteiro\" \/>\n<meta property=\"og:description\" content=\"A apropria\u00e7\u00e3o do feminino explorada atrav\u00e9s de imagens, da palavra, do movimento e da lideran\u00e7a, oferecendo uma reflex\u00e3o sobre aspectos frequentemente n\u00e3o expressos da feminilidade.\" \/>\n<meta property=\"og:url\" content=\"https:\/\/lucianemonteiro.com\/index.php\/nuit-des-femmes\/\" \/>\n<meta property=\"og:site_name\" content=\"Luciane Monteiro\" \/>\n<meta property=\"article:modified_time\" content=\"2025-03-10T00:45:22+00:00\" \/>\n<meta property=\"og:image\" content=\"https:\/\/lucianemonteiro.com\/wp-content\/uploads\/2025\/03\/229de2f1-909b-4aa2-bece-7ebb9afb0fdc-1024x768.jpeg\" \/>\n<meta name=\"twitter:card\" content=\"summary_large_image\" \/>\n<meta name=\"twitter:label1\" content=\"Est. tempo de leitura\" \/>\n\t<meta name=\"twitter:data1\" content=\"1 minuto\" \/>\n<script type=\"application\/ld+json\" class=\"yoast-schema-graph\">{\"@context\":\"https:\/\/schema.org\",\"@graph\":[{\"@type\":\"WebPage\",\"@id\":\"https:\/\/lucianemonteiro.com\/index.php\/nuit-des-femmes\/\",\"url\":\"https:\/\/lucianemonteiro.com\/index.php\/nuit-des-femmes\/\",\"name\":\"Nuit des femmes - Luciane Monteiro\",\"isPartOf\":{\"@id\":\"https:\/\/lucianemonteiro.com\/#website\"},\"primaryImageOfPage\":{\"@id\":\"https:\/\/lucianemonteiro.com\/index.php\/nuit-des-femmes\/#primaryimage\"},\"image\":{\"@id\":\"https:\/\/lucianemonteiro.com\/index.php\/nuit-des-femmes\/#primaryimage\"},\"thumbnailUrl\":\"https:\/\/lucianemonteiro.com\/wp-content\/uploads\/2025\/03\/229de2f1-909b-4aa2-bece-7ebb9afb0fdc-1024x768.jpeg\",\"datePublished\":\"2025-03-10T00:15:08+00:00\",\"dateModified\":\"2025-03-10T00:45:22+00:00\",\"description\":\"A apropria\u00e7\u00e3o do feminino explorada atrav\u00e9s de imagens, da palavra, do movimento e da lideran\u00e7a, oferecendo uma reflex\u00e3o sobre aspectos frequentemente n\u00e3o expressos da feminilidade.\",\"breadcrumb\":{\"@id\":\"https:\/\/lucianemonteiro.com\/index.php\/nuit-des-femmes\/#breadcrumb\"},\"inLanguage\":\"pt-BR\",\"potentialAction\":[{\"@type\":\"ReadAction\",\"target\":[\"https:\/\/lucianemonteiro.com\/index.php\/nuit-des-femmes\/\"]}]},{\"@type\":\"ImageObject\",\"inLanguage\":\"pt-BR\",\"@id\":\"https:\/\/lucianemonteiro.com\/index.php\/nuit-des-femmes\/#primaryimage\",\"url\":\"https:\/\/lucianemonteiro.com\/wp-content\/uploads\/2025\/03\/229de2f1-909b-4aa2-bece-7ebb9afb0fdc.jpeg\",\"contentUrl\":\"https:\/\/lucianemonteiro.com\/wp-content\/uploads\/2025\/03\/229de2f1-909b-4aa2-bece-7ebb9afb0fdc.jpeg\",\"width\":1600,\"height\":1200},{\"@type\":\"BreadcrumbList\",\"@id\":\"https:\/\/lucianemonteiro.com\/index.php\/nuit-des-femmes\/#breadcrumb\",\"itemListElement\":[{\"@type\":\"ListItem\",\"position\":1,\"name\":\"In\u00edcio\",\"item\":\"https:\/\/lucianemonteiro.com\/\"},{\"@type\":\"ListItem\",\"position\":2,\"name\":\"Nuit des femmes\"}]},{\"@type\":\"WebSite\",\"@id\":\"https:\/\/lucianemonteiro.com\/#website\",\"url\":\"https:\/\/lucianemonteiro.com\/\",\"name\":\"Luciane Monteiro\",\"description\":\"Escritos\",\"potentialAction\":[{\"@type\":\"SearchAction\",\"target\":{\"@type\":\"EntryPoint\",\"urlTemplate\":\"https:\/\/lucianemonteiro.com\/?s={search_term_string}\"},\"query-input\":{\"@type\":\"PropertyValueSpecification\",\"valueRequired\":true,\"valueName\":\"search_term_string\"}}],\"inLanguage\":\"pt-BR\"}]}<\/script>\n<!-- \/ Yoast SEO plugin. -->","yoast_head_json":{"title":"Nuit des femmes - Luciane Monteiro","description":"A apropria\u00e7\u00e3o do feminino explorada atrav\u00e9s de imagens, da palavra, do movimento e da lideran\u00e7a, oferecendo uma reflex\u00e3o sobre aspectos frequentemente n\u00e3o expressos da feminilidade.","robots":{"index":"index","follow":"follow","max-snippet":"max-snippet:-1","max-image-preview":"max-image-preview:large","max-video-preview":"max-video-preview:-1"},"canonical":"https:\/\/lucianemonteiro.com\/index.php\/nuit-des-femmes\/","og_locale":"pt_BR","og_type":"article","og_title":"Nuit des femmes - Luciane Monteiro","og_description":"A apropria\u00e7\u00e3o do feminino explorada atrav\u00e9s de imagens, da palavra, do movimento e da lideran\u00e7a, oferecendo uma reflex\u00e3o sobre aspectos frequentemente n\u00e3o expressos da feminilidade.","og_url":"https:\/\/lucianemonteiro.com\/index.php\/nuit-des-femmes\/","og_site_name":"Luciane Monteiro","article_modified_time":"2025-03-10T00:45:22+00:00","og_image":[{"url":"https:\/\/lucianemonteiro.com\/wp-content\/uploads\/2025\/03\/229de2f1-909b-4aa2-bece-7ebb9afb0fdc-1024x768.jpeg","type":"","width":"","height":""}],"twitter_card":"summary_large_image","twitter_misc":{"Est. tempo de leitura":"1 minuto"},"schema":{"@context":"https:\/\/schema.org","@graph":[{"@type":"WebPage","@id":"https:\/\/lucianemonteiro.com\/index.php\/nuit-des-femmes\/","url":"https:\/\/lucianemonteiro.com\/index.php\/nuit-des-femmes\/","name":"Nuit des femmes - Luciane Monteiro","isPartOf":{"@id":"https:\/\/lucianemonteiro.com\/#website"},"primaryImageOfPage":{"@id":"https:\/\/lucianemonteiro.com\/index.php\/nuit-des-femmes\/#primaryimage"},"image":{"@id":"https:\/\/lucianemonteiro.com\/index.php\/nuit-des-femmes\/#primaryimage"},"thumbnailUrl":"https:\/\/lucianemonteiro.com\/wp-content\/uploads\/2025\/03\/229de2f1-909b-4aa2-bece-7ebb9afb0fdc-1024x768.jpeg","datePublished":"2025-03-10T00:15:08+00:00","dateModified":"2025-03-10T00:45:22+00:00","description":"A apropria\u00e7\u00e3o do feminino explorada atrav\u00e9s de imagens, da palavra, do movimento e da lideran\u00e7a, oferecendo uma reflex\u00e3o sobre aspectos frequentemente n\u00e3o expressos da feminilidade.","breadcrumb":{"@id":"https:\/\/lucianemonteiro.com\/index.php\/nuit-des-femmes\/#breadcrumb"},"inLanguage":"pt-BR","potentialAction":[{"@type":"ReadAction","target":["https:\/\/lucianemonteiro.com\/index.php\/nuit-des-femmes\/"]}]},{"@type":"ImageObject","inLanguage":"pt-BR","@id":"https:\/\/lucianemonteiro.com\/index.php\/nuit-des-femmes\/#primaryimage","url":"https:\/\/lucianemonteiro.com\/wp-content\/uploads\/2025\/03\/229de2f1-909b-4aa2-bece-7ebb9afb0fdc.jpeg","contentUrl":"https:\/\/lucianemonteiro.com\/wp-content\/uploads\/2025\/03\/229de2f1-909b-4aa2-bece-7ebb9afb0fdc.jpeg","width":1600,"height":1200},{"@type":"BreadcrumbList","@id":"https:\/\/lucianemonteiro.com\/index.php\/nuit-des-femmes\/#breadcrumb","itemListElement":[{"@type":"ListItem","position":1,"name":"In\u00edcio","item":"https:\/\/lucianemonteiro.com\/"},{"@type":"ListItem","position":2,"name":"Nuit des femmes"}]},{"@type":"WebSite","@id":"https:\/\/lucianemonteiro.com\/#website","url":"https:\/\/lucianemonteiro.com\/","name":"Luciane Monteiro","description":"Escritos","potentialAction":[{"@type":"SearchAction","target":{"@type":"EntryPoint","urlTemplate":"https:\/\/lucianemonteiro.com\/?s={search_term_string}"},"query-input":{"@type":"PropertyValueSpecification","valueRequired":true,"valueName":"search_term_string"}}],"inLanguage":"pt-BR"}]}},"acf":[],"_links":{"self":[{"href":"https:\/\/lucianemonteiro.com\/index.php\/wp-json\/wp\/v2\/pages\/2114","targetHints":{"allow":["GET"]}}],"collection":[{"href":"https:\/\/lucianemonteiro.com\/index.php\/wp-json\/wp\/v2\/pages"}],"about":[{"href":"https:\/\/lucianemonteiro.com\/index.php\/wp-json\/wp\/v2\/types\/page"}],"author":[{"embeddable":true,"href":"https:\/\/lucianemonteiro.com\/index.php\/wp-json\/wp\/v2\/users\/1"}],"replies":[{"embeddable":true,"href":"https:\/\/lucianemonteiro.com\/index.php\/wp-json\/wp\/v2\/comments?post=2114"}],"version-history":[{"count":5,"href":"https:\/\/lucianemonteiro.com\/index.php\/wp-json\/wp\/v2\/pages\/2114\/revisions"}],"predecessor-version":[{"id":2126,"href":"https:\/\/lucianemonteiro.com\/index.php\/wp-json\/wp\/v2\/pages\/2114\/revisions\/2126"}],"wp:attachment":[{"href":"https:\/\/lucianemonteiro.com\/index.php\/wp-json\/wp\/v2\/media?parent=2114"}],"curies":[{"name":"wp","href":"https:\/\/api.w.org\/{rel}","templated":true}]}}