{"id":2106,"date":"2025-03-04T13:50:08","date_gmt":"2025-03-04T16:50:08","guid":{"rendered":"https:\/\/lucianemonteiro.com\/?page_id=2106"},"modified":"2025-03-04T13:50:08","modified_gmt":"2025-03-04T16:50:08","slug":"escale-en-terre-dhumanite","status":"publish","type":"page","link":"https:\/\/lucianemonteiro.com\/index.php\/escale-en-terre-dhumanite\/","title":{"rendered":"Escale en terre d&#8217;humanit\u00e9"},"content":{"rendered":"\n<p>Cette belle exp\u00e9rience avec Voix de Pasaj est une immersion dans un village imaginaire, o\u00f9 nous avons partag\u00e9 la po\u00e9sie, la danse, la musique et l\u2019espoir du \u00ab vivre ensemble \u00bb.<\/p>\n\n\n\n<p>Heureuse de la pr\u00e9sence de ma fille au pandeiro, apportant de la couleur \u00e0 un extrait de mon texte.<\/p>\n\n\n\n<p>Spectacle de Voix De Pasaj, sous la direction artistique de DORE\u0301 SOWLO.<\/p>\n\n\n\n<p>Des plats aux saveurs du monde, par le chef br\u00e9silien Rafael Meirelles.<\/p>\n\n\n\n<p>Le samedi 01 mars 2025, au R\u00e8pere des Mauvaise Langues \u00e0 Trois Rivi\u00e8res.<\/p>\n\n\n\n<p><em>Este espet\u00e1culo foi mais uma bela experi\u00eancia com o Voix de Pasaj: uma cidade imagin\u00e1ria, onde apresentamos poesia, dan\u00e7a e m\u00fasica conectados ao tema da conviv\u00eancia.<\/em><\/p>\n\n\n\n<p><em>Participa\u00e7\u00e3o especial da minha filhinha tocando pandeiro num trecho do meu texto<\/em>.<\/p>\n\n\n\n<p><\/p>\n","protected":false},"excerpt":{"rendered":"<p>Cette belle exp\u00e9rience avec Voix de Pasaj est une immersion dans un village imaginaire, o\u00f9 nous avons partag\u00e9 la po\u00e9sie, la danse, la musique et l\u2019espoir du \u00ab vivre ensemble \u00bb. Heureuse de la pr\u00e9sence de ma fille au pandeiro, apportant de la couleur \u00e0 un extrait de mon texte. Spectacle de Voix De Pasaj, sous la direction artistique de DORE\u0301 SOWLO. Des plats aux saveurs du monde, par le chef br\u00e9silien Rafael Meirelles. Le samedi 01 mars 2025, au R\u00e8pere des Mauvaise Langues \u00e0 Trois Rivi\u00e8res. Este espet\u00e1culo foi mais uma bela experi\u00eancia com o Voix de Pasaj: uma cidade imagin\u00e1ria, onde apresentamos poesia, dan\u00e7a e m\u00fasica conectados ao tema da conviv\u00eancia. Participa\u00e7\u00e3o especial da minha filhinha tocando pandeiro num trecho do meu texto.<\/p>\n","protected":false},"author":1,"featured_media":0,"parent":0,"menu_order":0,"comment_status":"closed","ping_status":"closed","template":"","meta":{"footnotes":""},"class_list":["post-2106","page","type-page","status-publish","hentry"],"yoast_head":"<!-- This site is optimized with the Yoast SEO plugin v26.6 - https:\/\/yoast.com\/wordpress\/plugins\/seo\/ -->\n<title>Escale en terre d&#039;humanit\u00e9 - Luciane Monteiro<\/title>\n<meta name=\"description\" content=\"Este espet\u00e1culo foi mais uma bela experi\u00eancia com o Voix de Pasaj: uma cidade imagin\u00e1ria, onde apresentamos poesia, dan\u00e7a e m\u00fasica conectados ao tema da conviv\u00eancia.\" \/>\n<meta name=\"robots\" content=\"index, follow, max-snippet:-1, max-image-preview:large, max-video-preview:-1\" \/>\n<link rel=\"canonical\" href=\"https:\/\/lucianemonteiro.com\/index.php\/escale-en-terre-dhumanite\/\" \/>\n<meta property=\"og:locale\" content=\"pt_BR\" \/>\n<meta property=\"og:type\" content=\"article\" \/>\n<meta property=\"og:title\" content=\"Escale en terre d&#039;humanit\u00e9 - Luciane Monteiro\" \/>\n<meta property=\"og:description\" content=\"Este espet\u00e1culo foi mais uma bela experi\u00eancia com o Voix de Pasaj: uma cidade imagin\u00e1ria, onde apresentamos poesia, dan\u00e7a e m\u00fasica conectados ao tema da conviv\u00eancia.\" \/>\n<meta property=\"og:url\" content=\"https:\/\/lucianemonteiro.com\/index.php\/escale-en-terre-dhumanite\/\" \/>\n<meta property=\"og:site_name\" content=\"Luciane Monteiro\" \/>\n<meta name=\"twitter:card\" content=\"summary_large_image\" \/>\n<meta name=\"twitter:label1\" content=\"Est. tempo de leitura\" \/>\n\t<meta name=\"twitter:data1\" content=\"1 minuto\" \/>\n<script type=\"application\/ld+json\" class=\"yoast-schema-graph\">{\"@context\":\"https:\/\/schema.org\",\"@graph\":[{\"@type\":\"WebPage\",\"@id\":\"https:\/\/lucianemonteiro.com\/index.php\/escale-en-terre-dhumanite\/\",\"url\":\"https:\/\/lucianemonteiro.com\/index.php\/escale-en-terre-dhumanite\/\",\"name\":\"Escale en terre d'humanit\u00e9 - Luciane Monteiro\",\"isPartOf\":{\"@id\":\"https:\/\/lucianemonteiro.com\/#website\"},\"datePublished\":\"2025-03-04T16:50:08+00:00\",\"description\":\"Este espet\u00e1culo foi mais uma bela experi\u00eancia com o Voix de Pasaj: uma cidade imagin\u00e1ria, onde apresentamos poesia, dan\u00e7a e m\u00fasica conectados ao tema da conviv\u00eancia.\",\"breadcrumb\":{\"@id\":\"https:\/\/lucianemonteiro.com\/index.php\/escale-en-terre-dhumanite\/#breadcrumb\"},\"inLanguage\":\"pt-BR\",\"potentialAction\":[{\"@type\":\"ReadAction\",\"target\":[\"https:\/\/lucianemonteiro.com\/index.php\/escale-en-terre-dhumanite\/\"]}]},{\"@type\":\"BreadcrumbList\",\"@id\":\"https:\/\/lucianemonteiro.com\/index.php\/escale-en-terre-dhumanite\/#breadcrumb\",\"itemListElement\":[{\"@type\":\"ListItem\",\"position\":1,\"name\":\"In\u00edcio\",\"item\":\"https:\/\/lucianemonteiro.com\/\"},{\"@type\":\"ListItem\",\"position\":2,\"name\":\"Escale en terre d&#8217;humanit\u00e9\"}]},{\"@type\":\"WebSite\",\"@id\":\"https:\/\/lucianemonteiro.com\/#website\",\"url\":\"https:\/\/lucianemonteiro.com\/\",\"name\":\"Luciane Monteiro\",\"description\":\"Escritos\",\"potentialAction\":[{\"@type\":\"SearchAction\",\"target\":{\"@type\":\"EntryPoint\",\"urlTemplate\":\"https:\/\/lucianemonteiro.com\/?s={search_term_string}\"},\"query-input\":{\"@type\":\"PropertyValueSpecification\",\"valueRequired\":true,\"valueName\":\"search_term_string\"}}],\"inLanguage\":\"pt-BR\"}]}<\/script>\n<!-- \/ Yoast SEO plugin. -->","yoast_head_json":{"title":"Escale en terre d'humanit\u00e9 - Luciane Monteiro","description":"Este espet\u00e1culo foi mais uma bela experi\u00eancia com o Voix de Pasaj: uma cidade imagin\u00e1ria, onde apresentamos poesia, dan\u00e7a e m\u00fasica conectados ao tema da conviv\u00eancia.","robots":{"index":"index","follow":"follow","max-snippet":"max-snippet:-1","max-image-preview":"max-image-preview:large","max-video-preview":"max-video-preview:-1"},"canonical":"https:\/\/lucianemonteiro.com\/index.php\/escale-en-terre-dhumanite\/","og_locale":"pt_BR","og_type":"article","og_title":"Escale en terre d'humanit\u00e9 - Luciane Monteiro","og_description":"Este espet\u00e1culo foi mais uma bela experi\u00eancia com o Voix de Pasaj: uma cidade imagin\u00e1ria, onde apresentamos poesia, dan\u00e7a e m\u00fasica conectados ao tema da conviv\u00eancia.","og_url":"https:\/\/lucianemonteiro.com\/index.php\/escale-en-terre-dhumanite\/","og_site_name":"Luciane Monteiro","twitter_card":"summary_large_image","twitter_misc":{"Est. tempo de leitura":"1 minuto"},"schema":{"@context":"https:\/\/schema.org","@graph":[{"@type":"WebPage","@id":"https:\/\/lucianemonteiro.com\/index.php\/escale-en-terre-dhumanite\/","url":"https:\/\/lucianemonteiro.com\/index.php\/escale-en-terre-dhumanite\/","name":"Escale en terre d'humanit\u00e9 - Luciane Monteiro","isPartOf":{"@id":"https:\/\/lucianemonteiro.com\/#website"},"datePublished":"2025-03-04T16:50:08+00:00","description":"Este espet\u00e1culo foi mais uma bela experi\u00eancia com o Voix de Pasaj: uma cidade imagin\u00e1ria, onde apresentamos poesia, dan\u00e7a e m\u00fasica conectados ao tema da conviv\u00eancia.","breadcrumb":{"@id":"https:\/\/lucianemonteiro.com\/index.php\/escale-en-terre-dhumanite\/#breadcrumb"},"inLanguage":"pt-BR","potentialAction":[{"@type":"ReadAction","target":["https:\/\/lucianemonteiro.com\/index.php\/escale-en-terre-dhumanite\/"]}]},{"@type":"BreadcrumbList","@id":"https:\/\/lucianemonteiro.com\/index.php\/escale-en-terre-dhumanite\/#breadcrumb","itemListElement":[{"@type":"ListItem","position":1,"name":"In\u00edcio","item":"https:\/\/lucianemonteiro.com\/"},{"@type":"ListItem","position":2,"name":"Escale en terre d&#8217;humanit\u00e9"}]},{"@type":"WebSite","@id":"https:\/\/lucianemonteiro.com\/#website","url":"https:\/\/lucianemonteiro.com\/","name":"Luciane Monteiro","description":"Escritos","potentialAction":[{"@type":"SearchAction","target":{"@type":"EntryPoint","urlTemplate":"https:\/\/lucianemonteiro.com\/?s={search_term_string}"},"query-input":{"@type":"PropertyValueSpecification","valueRequired":true,"valueName":"search_term_string"}}],"inLanguage":"pt-BR"}]}},"acf":[],"_links":{"self":[{"href":"https:\/\/lucianemonteiro.com\/index.php\/wp-json\/wp\/v2\/pages\/2106","targetHints":{"allow":["GET"]}}],"collection":[{"href":"https:\/\/lucianemonteiro.com\/index.php\/wp-json\/wp\/v2\/pages"}],"about":[{"href":"https:\/\/lucianemonteiro.com\/index.php\/wp-json\/wp\/v2\/types\/page"}],"author":[{"embeddable":true,"href":"https:\/\/lucianemonteiro.com\/index.php\/wp-json\/wp\/v2\/users\/1"}],"replies":[{"embeddable":true,"href":"https:\/\/lucianemonteiro.com\/index.php\/wp-json\/wp\/v2\/comments?post=2106"}],"version-history":[{"count":3,"href":"https:\/\/lucianemonteiro.com\/index.php\/wp-json\/wp\/v2\/pages\/2106\/revisions"}],"predecessor-version":[{"id":2111,"href":"https:\/\/lucianemonteiro.com\/index.php\/wp-json\/wp\/v2\/pages\/2106\/revisions\/2111"}],"wp:attachment":[{"href":"https:\/\/lucianemonteiro.com\/index.php\/wp-json\/wp\/v2\/media?parent=2106"}],"curies":[{"name":"wp","href":"https:\/\/api.w.org\/{rel}","templated":true}]}}