{"id":161,"date":"2021-01-17T00:36:45","date_gmt":"2021-01-17T03:36:45","guid":{"rendered":"https:\/\/lucianemonteiro.com\/?page_id=161"},"modified":"2021-09-17T13:19:49","modified_gmt":"2021-09-17T16:19:49","slug":"historia-de-uma-vida-memorias-de-uma-vida","status":"publish","type":"page","link":"https:\/\/lucianemonteiro.com\/index.php\/historia-de-uma-vida-memorias-de-uma-vida\/","title":{"rendered":"Hist\u00f3ria de uma vida, mem\u00f3rias de Dona Nilce"},"content":{"rendered":"\n<p class=\"has-text-align-center\">Romance, cr\u00f4nicas&#8230; Como definir a hist\u00f3ria desse livro? Eu n\u00e3o sei, s\u00e3o apenas mem\u00f3rias de uma vida que marcou tantas gera\u00e7\u00f5es!<\/p>\n\n\n\n<p class=\"has-text-align-center\">Um romance dedicado \u00e0 mulher mais importante na minha vida e uma das mais inspiradoras. Minha m\u00e3e mereceu uma primeira edi\u00e7\u00e3o em 2002; amigos e familiares exigiram uma nova edi\u00e7\u00e3o atualizada em 2018. Foi entre muitas l\u00e1grimas que consegui revisitar sua bela hist\u00f3ria, sem ela por perto dessa vez, e me emocionar novamente. Muitas vezes, escrever tamb\u00e9m d\u00f3i, mas a dor do escritor \u00e9 sempre adornada com pitadas de encantamento.<\/p>\n\n\n\n<div class=\"wp-block-image is-style-default\"><figure class=\"aligncenter size-large is-resized\"><img loading=\"lazy\" decoding=\"async\" src=\"https:\/\/lucianemonteiro.com\/wp-content\/uploads\/2021\/01\/81638110_100629344804371_3639829485932511232_o-763x1024.jpg\" alt=\"\" class=\"wp-image-162\" width=\"572\" height=\"768\" srcset=\"https:\/\/lucianemonteiro.com\/wp-content\/uploads\/2021\/01\/81638110_100629344804371_3639829485932511232_o-763x1024.jpg 763w, https:\/\/lucianemonteiro.com\/wp-content\/uploads\/2021\/01\/81638110_100629344804371_3639829485932511232_o-224x300.jpg 224w, https:\/\/lucianemonteiro.com\/wp-content\/uploads\/2021\/01\/81638110_100629344804371_3639829485932511232_o-768x1030.jpg 768w, https:\/\/lucianemonteiro.com\/wp-content\/uploads\/2021\/01\/81638110_100629344804371_3639829485932511232_o-1145x1536.jpg 1145w, https:\/\/lucianemonteiro.com\/wp-content\/uploads\/2021\/01\/81638110_100629344804371_3639829485932511232_o-1140x1530.jpg 1140w, https:\/\/lucianemonteiro.com\/wp-content\/uploads\/2021\/01\/81638110_100629344804371_3639829485932511232_o-600x805.jpg 600w, https:\/\/lucianemonteiro.com\/wp-content\/uploads\/2021\/01\/81638110_100629344804371_3639829485932511232_o.jpg 1440w\" sizes=\"auto, (max-width: 572px) 100vw, 572px\" \/><\/figure><\/div>\n\n\n\n<p class=\"has-text-align-center\"><strong>Sinopse: <\/strong><\/p>\n\n\n\n<p class=\"has-text-align-center\">O ciclo da vida \u00e9 o mist\u00e9rio que nos intriga a cada segundo em que vemos o tempo esvair-se entre nossos dedos, alterando nossos tra\u00e7os e perspectivas. Mas ainda resta a mem\u00f3ria, e \u00e9 ela que nos prende a cada fase por qual passamos.<\/p>\n\n\n\n<p class=\"has-text-align-center\">Esse livro reuniu as lembran\u00e7as de uma mulher que foi parte de muitas hist\u00f3rias. A esposa, a m\u00e3e, av\u00f3, bisav\u00f3, tatarav\u00f3&#8230; A amiga, o exemplo, a inspira\u00e7\u00e3o. Nilce deixou sua marca por onde passou, com seu jeito doce, suas hist\u00f3rias tristes e tamb\u00e9m as engra\u00e7adas. Com suas lutas e, principalmente, com a forma intensa com que amou a vida e a forma incondicional com que amou os seus.<\/p>\n\n\n\n<div class=\"wp-block-image\"><figure class=\"aligncenter size-large is-resized\"><img loading=\"lazy\" decoding=\"async\" src=\"https:\/\/lucianemonteiro.com\/wp-content\/uploads\/2021\/01\/81120829_100629278137711_5035480461682409472_o-1024x768.jpg\" alt=\"\" class=\"wp-image-163\" width=\"512\" height=\"384\" srcset=\"https:\/\/lucianemonteiro.com\/wp-content\/uploads\/2021\/01\/81120829_100629278137711_5035480461682409472_o-1024x768.jpg 1024w, https:\/\/lucianemonteiro.com\/wp-content\/uploads\/2021\/01\/81120829_100629278137711_5035480461682409472_o-300x225.jpg 300w, https:\/\/lucianemonteiro.com\/wp-content\/uploads\/2021\/01\/81120829_100629278137711_5035480461682409472_o-768x576.jpg 768w, https:\/\/lucianemonteiro.com\/wp-content\/uploads\/2021\/01\/81120829_100629278137711_5035480461682409472_o-600x450.jpg 600w, https:\/\/lucianemonteiro.com\/wp-content\/uploads\/2021\/01\/81120829_100629278137711_5035480461682409472_o.jpg 1032w\" sizes=\"auto, (max-width: 512px) 100vw, 512px\" \/><\/figure><\/div>\n\n\n\n<p class=\"has-text-align-center\"><strong>Adquira a obra: <a data-type=\"URL\" data-id=\"https:\/\/www.amazon.com.br\/HIST%C3%93RIA-UMA-VIDA-Mem%C3%B3rias-Nilce-ebook\/dp\/B07CHXDFSW\" href=\"https:\/\/www.amazon.com.br\/HIST%C3%93RIA-UMA-VIDA-Mem%C3%B3rias-Nilce-ebook\/dp\/B07CHXDFSW\" target=\"_blank\" rel=\"noreferrer noopener\">Amazon<\/a><\/strong><\/p>\n\n\n\n<p><\/p>\n\n\n\n<p>#mem\u00f3rias #paranagu\u00e1 #guaraque\u00e7aba #fam\u00edlia #resili\u00eancia #amor #valadares #guapecu #curitiba <\/p>\n","protected":false},"excerpt":{"rendered":"<p>Romance, cr\u00f4nicas&#8230; Como definir a hist\u00f3ria desse livro? Eu n\u00e3o sei, s\u00e3o apenas mem\u00f3rias de uma vida que marcou tantas gera\u00e7\u00f5es! Um romance dedicado \u00e0 mulher mais importante na minha vida e uma das mais inspiradoras. Minha m\u00e3e mereceu uma primeira edi\u00e7\u00e3o em 2002; amigos e familiares exigiram uma nova edi\u00e7\u00e3o atualizada em 2018. Foi entre muitas l\u00e1grimas que consegui revisitar sua bela hist\u00f3ria, sem ela por perto dessa vez, e me emocionar novamente. Muitas vezes, escrever tamb\u00e9m d\u00f3i, mas a dor do escritor \u00e9 sempre adornada com pitadas de encantamento. Sinopse: O ciclo da vida \u00e9 o mist\u00e9rio que nos intriga a cada segundo em que vemos o tempo esvair-se entre nossos dedos, alterando nossos tra\u00e7os e perspectivas. Mas ainda resta a mem\u00f3ria, e \u00e9 ela que nos prende a cada fase por qual passamos. Esse livro reuniu as lembran\u00e7as de uma mulher que foi parte de muitas hist\u00f3rias. A esposa, a m\u00e3e, av\u00f3, bisav\u00f3, tatarav\u00f3&#8230; A amiga, o exemplo, a inspira\u00e7\u00e3o. Nilce deixou sua marca por onde passou, com seu jeito doce, suas hist\u00f3rias tristes e tamb\u00e9m as engra\u00e7adas. Com suas lutas e, principalmente, com a forma intensa com que amou a vida e a forma incondicional com que amou os seus. Adquira a obra: Amazon #mem\u00f3rias #paranagu\u00e1 #guaraque\u00e7aba #fam\u00edlia #resili\u00eancia #amor #valadares #guapecu #curitiba<\/p>\n","protected":false},"author":1,"featured_media":0,"parent":0,"menu_order":0,"comment_status":"closed","ping_status":"closed","template":"","meta":{"footnotes":""},"class_list":["post-161","page","type-page","status-publish","hentry"],"yoast_head":"<!-- This site is optimized with the Yoast SEO plugin v26.6 - https:\/\/yoast.com\/wordpress\/plugins\/seo\/ -->\n<title>Hist\u00f3ria de uma vida, mem\u00f3rias de Dona Nilce - Luciane Monteiro<\/title>\n<meta name=\"robots\" content=\"index, follow, max-snippet:-1, max-image-preview:large, max-video-preview:-1\" \/>\n<link rel=\"canonical\" href=\"https:\/\/lucianemonteiro.com\/index.php\/historia-de-uma-vida-memorias-de-uma-vida\/\" \/>\n<meta property=\"og:locale\" content=\"pt_BR\" \/>\n<meta property=\"og:type\" content=\"article\" \/>\n<meta property=\"og:title\" content=\"Hist\u00f3ria de uma vida, mem\u00f3rias de Dona Nilce - Luciane Monteiro\" \/>\n<meta property=\"og:description\" content=\"Romance, cr\u00f4nicas&#8230; Como definir a hist\u00f3ria desse livro? Eu n\u00e3o sei, s\u00e3o apenas mem\u00f3rias de uma vida que marcou tantas gera\u00e7\u00f5es! Um romance dedicado \u00e0 mulher mais importante na minha vida e uma das mais inspiradoras. Minha m\u00e3e mereceu uma primeira edi\u00e7\u00e3o em 2002; amigos e familiares exigiram uma nova edi\u00e7\u00e3o atualizada em 2018. Foi entre muitas l\u00e1grimas que consegui revisitar sua bela hist\u00f3ria, sem ela por perto dessa vez, e me emocionar novamente. Muitas vezes, escrever tamb\u00e9m d\u00f3i, mas a dor do escritor \u00e9 sempre adornada com pitadas de encantamento. Sinopse: O ciclo da vida \u00e9 o mist\u00e9rio que nos intriga a cada segundo em que vemos o tempo esvair-se entre nossos dedos, alterando nossos tra\u00e7os e perspectivas. Mas ainda resta a mem\u00f3ria, e \u00e9 ela que nos prende a cada fase por qual passamos. Esse livro reuniu as lembran\u00e7as de uma mulher que foi parte de muitas hist\u00f3rias. A esposa, a m\u00e3e, av\u00f3, bisav\u00f3, tatarav\u00f3&#8230; A amiga, o exemplo, a inspira\u00e7\u00e3o. Nilce deixou sua marca por onde passou, com seu jeito doce, suas hist\u00f3rias tristes e tamb\u00e9m as engra\u00e7adas. Com suas lutas e, principalmente, com a forma intensa com que amou a vida e a forma incondicional com que amou os seus. Adquira a obra: Amazon #mem\u00f3rias #paranagu\u00e1 #guaraque\u00e7aba #fam\u00edlia #resili\u00eancia #amor #valadares #guapecu #curitiba\" \/>\n<meta property=\"og:url\" content=\"https:\/\/lucianemonteiro.com\/index.php\/historia-de-uma-vida-memorias-de-uma-vida\/\" \/>\n<meta property=\"og:site_name\" content=\"Luciane Monteiro\" \/>\n<meta property=\"article:modified_time\" content=\"2021-09-17T16:19:49+00:00\" \/>\n<meta property=\"og:image\" content=\"https:\/\/lucianemonteiro.com\/wp-content\/uploads\/2021\/01\/81638110_100629344804371_3639829485932511232_o-763x1024.jpg\" \/>\n<meta name=\"twitter:card\" content=\"summary_large_image\" \/>\n<meta name=\"twitter:label1\" content=\"Est. tempo de leitura\" \/>\n\t<meta name=\"twitter:data1\" content=\"2 minutos\" \/>\n<script type=\"application\/ld+json\" class=\"yoast-schema-graph\">{\"@context\":\"https:\/\/schema.org\",\"@graph\":[{\"@type\":\"WebPage\",\"@id\":\"https:\/\/lucianemonteiro.com\/index.php\/historia-de-uma-vida-memorias-de-uma-vida\/\",\"url\":\"https:\/\/lucianemonteiro.com\/index.php\/historia-de-uma-vida-memorias-de-uma-vida\/\",\"name\":\"Hist\u00f3ria de uma vida, mem\u00f3rias de Dona Nilce - Luciane Monteiro\",\"isPartOf\":{\"@id\":\"https:\/\/lucianemonteiro.com\/#website\"},\"primaryImageOfPage\":{\"@id\":\"https:\/\/lucianemonteiro.com\/index.php\/historia-de-uma-vida-memorias-de-uma-vida\/#primaryimage\"},\"image\":{\"@id\":\"https:\/\/lucianemonteiro.com\/index.php\/historia-de-uma-vida-memorias-de-uma-vida\/#primaryimage\"},\"thumbnailUrl\":\"https:\/\/lucianemonteiro.com\/wp-content\/uploads\/2021\/01\/81638110_100629344804371_3639829485932511232_o-763x1024.jpg\",\"datePublished\":\"2021-01-17T03:36:45+00:00\",\"dateModified\":\"2021-09-17T16:19:49+00:00\",\"breadcrumb\":{\"@id\":\"https:\/\/lucianemonteiro.com\/index.php\/historia-de-uma-vida-memorias-de-uma-vida\/#breadcrumb\"},\"inLanguage\":\"pt-BR\",\"potentialAction\":[{\"@type\":\"ReadAction\",\"target\":[\"https:\/\/lucianemonteiro.com\/index.php\/historia-de-uma-vida-memorias-de-uma-vida\/\"]}]},{\"@type\":\"ImageObject\",\"inLanguage\":\"pt-BR\",\"@id\":\"https:\/\/lucianemonteiro.com\/index.php\/historia-de-uma-vida-memorias-de-uma-vida\/#primaryimage\",\"url\":\"https:\/\/lucianemonteiro.com\/wp-content\/uploads\/2021\/01\/81638110_100629344804371_3639829485932511232_o.jpg\",\"contentUrl\":\"https:\/\/lucianemonteiro.com\/wp-content\/uploads\/2021\/01\/81638110_100629344804371_3639829485932511232_o.jpg\",\"width\":1440,\"height\":1932},{\"@type\":\"BreadcrumbList\",\"@id\":\"https:\/\/lucianemonteiro.com\/index.php\/historia-de-uma-vida-memorias-de-uma-vida\/#breadcrumb\",\"itemListElement\":[{\"@type\":\"ListItem\",\"position\":1,\"name\":\"In\u00edcio\",\"item\":\"https:\/\/lucianemonteiro.com\/\"},{\"@type\":\"ListItem\",\"position\":2,\"name\":\"Hist\u00f3ria de uma vida, mem\u00f3rias de Dona Nilce\"}]},{\"@type\":\"WebSite\",\"@id\":\"https:\/\/lucianemonteiro.com\/#website\",\"url\":\"https:\/\/lucianemonteiro.com\/\",\"name\":\"Luciane Monteiro\",\"description\":\"Escritos\",\"potentialAction\":[{\"@type\":\"SearchAction\",\"target\":{\"@type\":\"EntryPoint\",\"urlTemplate\":\"https:\/\/lucianemonteiro.com\/?s={search_term_string}\"},\"query-input\":{\"@type\":\"PropertyValueSpecification\",\"valueRequired\":true,\"valueName\":\"search_term_string\"}}],\"inLanguage\":\"pt-BR\"}]}<\/script>\n<!-- \/ Yoast SEO plugin. -->","yoast_head_json":{"title":"Hist\u00f3ria de uma vida, mem\u00f3rias de Dona Nilce - Luciane Monteiro","robots":{"index":"index","follow":"follow","max-snippet":"max-snippet:-1","max-image-preview":"max-image-preview:large","max-video-preview":"max-video-preview:-1"},"canonical":"https:\/\/lucianemonteiro.com\/index.php\/historia-de-uma-vida-memorias-de-uma-vida\/","og_locale":"pt_BR","og_type":"article","og_title":"Hist\u00f3ria de uma vida, mem\u00f3rias de Dona Nilce - Luciane Monteiro","og_description":"Romance, cr\u00f4nicas&#8230; Como definir a hist\u00f3ria desse livro? Eu n\u00e3o sei, s\u00e3o apenas mem\u00f3rias de uma vida que marcou tantas gera\u00e7\u00f5es! Um romance dedicado \u00e0 mulher mais importante na minha vida e uma das mais inspiradoras. Minha m\u00e3e mereceu uma primeira edi\u00e7\u00e3o em 2002; amigos e familiares exigiram uma nova edi\u00e7\u00e3o atualizada em 2018. Foi entre muitas l\u00e1grimas que consegui revisitar sua bela hist\u00f3ria, sem ela por perto dessa vez, e me emocionar novamente. Muitas vezes, escrever tamb\u00e9m d\u00f3i, mas a dor do escritor \u00e9 sempre adornada com pitadas de encantamento. Sinopse: O ciclo da vida \u00e9 o mist\u00e9rio que nos intriga a cada segundo em que vemos o tempo esvair-se entre nossos dedos, alterando nossos tra\u00e7os e perspectivas. Mas ainda resta a mem\u00f3ria, e \u00e9 ela que nos prende a cada fase por qual passamos. Esse livro reuniu as lembran\u00e7as de uma mulher que foi parte de muitas hist\u00f3rias. A esposa, a m\u00e3e, av\u00f3, bisav\u00f3, tatarav\u00f3&#8230; A amiga, o exemplo, a inspira\u00e7\u00e3o. Nilce deixou sua marca por onde passou, com seu jeito doce, suas hist\u00f3rias tristes e tamb\u00e9m as engra\u00e7adas. Com suas lutas e, principalmente, com a forma intensa com que amou a vida e a forma incondicional com que amou os seus. Adquira a obra: Amazon #mem\u00f3rias #paranagu\u00e1 #guaraque\u00e7aba #fam\u00edlia #resili\u00eancia #amor #valadares #guapecu #curitiba","og_url":"https:\/\/lucianemonteiro.com\/index.php\/historia-de-uma-vida-memorias-de-uma-vida\/","og_site_name":"Luciane Monteiro","article_modified_time":"2021-09-17T16:19:49+00:00","og_image":[{"url":"https:\/\/lucianemonteiro.com\/wp-content\/uploads\/2021\/01\/81638110_100629344804371_3639829485932511232_o-763x1024.jpg","type":"","width":"","height":""}],"twitter_card":"summary_large_image","twitter_misc":{"Est. tempo de leitura":"2 minutos"},"schema":{"@context":"https:\/\/schema.org","@graph":[{"@type":"WebPage","@id":"https:\/\/lucianemonteiro.com\/index.php\/historia-de-uma-vida-memorias-de-uma-vida\/","url":"https:\/\/lucianemonteiro.com\/index.php\/historia-de-uma-vida-memorias-de-uma-vida\/","name":"Hist\u00f3ria de uma vida, mem\u00f3rias de Dona Nilce - Luciane Monteiro","isPartOf":{"@id":"https:\/\/lucianemonteiro.com\/#website"},"primaryImageOfPage":{"@id":"https:\/\/lucianemonteiro.com\/index.php\/historia-de-uma-vida-memorias-de-uma-vida\/#primaryimage"},"image":{"@id":"https:\/\/lucianemonteiro.com\/index.php\/historia-de-uma-vida-memorias-de-uma-vida\/#primaryimage"},"thumbnailUrl":"https:\/\/lucianemonteiro.com\/wp-content\/uploads\/2021\/01\/81638110_100629344804371_3639829485932511232_o-763x1024.jpg","datePublished":"2021-01-17T03:36:45+00:00","dateModified":"2021-09-17T16:19:49+00:00","breadcrumb":{"@id":"https:\/\/lucianemonteiro.com\/index.php\/historia-de-uma-vida-memorias-de-uma-vida\/#breadcrumb"},"inLanguage":"pt-BR","potentialAction":[{"@type":"ReadAction","target":["https:\/\/lucianemonteiro.com\/index.php\/historia-de-uma-vida-memorias-de-uma-vida\/"]}]},{"@type":"ImageObject","inLanguage":"pt-BR","@id":"https:\/\/lucianemonteiro.com\/index.php\/historia-de-uma-vida-memorias-de-uma-vida\/#primaryimage","url":"https:\/\/lucianemonteiro.com\/wp-content\/uploads\/2021\/01\/81638110_100629344804371_3639829485932511232_o.jpg","contentUrl":"https:\/\/lucianemonteiro.com\/wp-content\/uploads\/2021\/01\/81638110_100629344804371_3639829485932511232_o.jpg","width":1440,"height":1932},{"@type":"BreadcrumbList","@id":"https:\/\/lucianemonteiro.com\/index.php\/historia-de-uma-vida-memorias-de-uma-vida\/#breadcrumb","itemListElement":[{"@type":"ListItem","position":1,"name":"In\u00edcio","item":"https:\/\/lucianemonteiro.com\/"},{"@type":"ListItem","position":2,"name":"Hist\u00f3ria de uma vida, mem\u00f3rias de Dona Nilce"}]},{"@type":"WebSite","@id":"https:\/\/lucianemonteiro.com\/#website","url":"https:\/\/lucianemonteiro.com\/","name":"Luciane Monteiro","description":"Escritos","potentialAction":[{"@type":"SearchAction","target":{"@type":"EntryPoint","urlTemplate":"https:\/\/lucianemonteiro.com\/?s={search_term_string}"},"query-input":{"@type":"PropertyValueSpecification","valueRequired":true,"valueName":"search_term_string"}}],"inLanguage":"pt-BR"}]}},"acf":[],"_links":{"self":[{"href":"https:\/\/lucianemonteiro.com\/index.php\/wp-json\/wp\/v2\/pages\/161","targetHints":{"allow":["GET"]}}],"collection":[{"href":"https:\/\/lucianemonteiro.com\/index.php\/wp-json\/wp\/v2\/pages"}],"about":[{"href":"https:\/\/lucianemonteiro.com\/index.php\/wp-json\/wp\/v2\/types\/page"}],"author":[{"embeddable":true,"href":"https:\/\/lucianemonteiro.com\/index.php\/wp-json\/wp\/v2\/users\/1"}],"replies":[{"embeddable":true,"href":"https:\/\/lucianemonteiro.com\/index.php\/wp-json\/wp\/v2\/comments?post=161"}],"version-history":[{"count":7,"href":"https:\/\/lucianemonteiro.com\/index.php\/wp-json\/wp\/v2\/pages\/161\/revisions"}],"predecessor-version":[{"id":1459,"href":"https:\/\/lucianemonteiro.com\/index.php\/wp-json\/wp\/v2\/pages\/161\/revisions\/1459"}],"wp:attachment":[{"href":"https:\/\/lucianemonteiro.com\/index.php\/wp-json\/wp\/v2\/media?parent=161"}],"curies":[{"name":"wp","href":"https:\/\/api.w.org\/{rel}","templated":true}]}}