{"id":155,"date":"2021-01-17T00:34:45","date_gmt":"2021-01-17T03:34:45","guid":{"rendered":"https:\/\/lucianemonteiro.com\/?page_id=155"},"modified":"2021-09-17T13:46:52","modified_gmt":"2021-09-17T16:46:52","slug":"estela-becker-solitaria-e-intensa","status":"publish","type":"page","link":"https:\/\/lucianemonteiro.com\/index.php\/estela-becker-solitaria-e-intensa\/","title":{"rendered":"Estela Becker, solit\u00e1ria e intensa"},"content":{"rendered":"\n<p class=\"has-text-align-center\">O enredo n\u00e3o revela apenas hist\u00f3rias de amor, mas uma forma de amar a si mesma, retrata o caminho percorrido por uma estrela da m\u00fasica para descobrir sua pr\u00f3pria ess\u00eancia.<\/p>\n\n\n\n<div class=\"wp-block-image\"><figure class=\"aligncenter size-large is-resized\"><img loading=\"lazy\" decoding=\"async\" src=\"https:\/\/lucianemonteiro.com\/wp-content\/uploads\/2021\/01\/Add-a-little-bit-of-body-text-2-1024x1024.jpg\" alt=\"\" class=\"wp-image-157\" width=\"512\" height=\"512\" srcset=\"https:\/\/lucianemonteiro.com\/wp-content\/uploads\/2021\/01\/Add-a-little-bit-of-body-text-2-1024x1024.jpg 1024w, https:\/\/lucianemonteiro.com\/wp-content\/uploads\/2021\/01\/Add-a-little-bit-of-body-text-2-300x300.jpg 300w, https:\/\/lucianemonteiro.com\/wp-content\/uploads\/2021\/01\/Add-a-little-bit-of-body-text-2-150x150.jpg 150w, https:\/\/lucianemonteiro.com\/wp-content\/uploads\/2021\/01\/Add-a-little-bit-of-body-text-2-768x768.jpg 768w, https:\/\/lucianemonteiro.com\/wp-content\/uploads\/2021\/01\/Add-a-little-bit-of-body-text-2-75x75.jpg 75w, https:\/\/lucianemonteiro.com\/wp-content\/uploads\/2021\/01\/Add-a-little-bit-of-body-text-2-600x600.jpg 600w, https:\/\/lucianemonteiro.com\/wp-content\/uploads\/2021\/01\/Add-a-little-bit-of-body-text-2-100x100.jpg 100w, https:\/\/lucianemonteiro.com\/wp-content\/uploads\/2021\/01\/Add-a-little-bit-of-body-text-2.jpg 1080w\" sizes=\"auto, (max-width: 512px) 100vw, 512px\" \/><figcaption><br><\/figcaption><\/figure><\/div>\n\n\n\n<p class=\"has-text-align-center\"><strong>Sinopse:<\/strong><\/p>\n\n\n\n<p class=\"has-text-align-center\">Flashes, fama, ilus\u00f5es. Como lidar com o sucesso profissional sem se perder da busca pelo sucesso pessoal? Procurando viver uma hist\u00f3ria que a completasse, Estela vai a dois extremos, um romance que d\u00e1 ibope e realiza desejos que n\u00e3o s\u00e3o seus e uma hist\u00f3ria sem ibope e sem futuro. Ou seriam ambas incertas?<br>O que Estela buscava, afinal? Dividida entre dois amores ou dividida entre o vazio que tentava preencher e a chance que n\u00e3o dava a si mesma? O enredo n\u00e3o revela apenas hist\u00f3rias de amor, mas uma forma de amar a si mesma, retrata o caminho percorrido por uma estrela da m\u00fasica para descobrir sua pr\u00f3pria ess\u00eancia.<\/p>\n\n\n\n<p class=\"has-text-align-center\"><strong>Adquira o livro em formato e-book ou capa comum:<\/strong> <strong><a rel=\"noreferrer noopener\" href=\"https:\/\/www.amazon.com.br\/ESTELA-BECKER-LUCIANE-MARTINS-MONTEIRO-ebook\/dp\/B076YG8BM9\" data-type=\"URL\" data-id=\"https:\/\/www.amazon.com.br\/ESTELA-BECKER-LUCIANE-MARTINS-MONTEIRO-ebook\/dp\/B076YG8BM9\" target=\"_blank\">Amazon<\/a><\/strong><\/p>\n\n\n\n<p class=\"has-text-align-center\"><strong>Resenhas:<\/strong><\/p>\n\n\n\n<p class=\"has-text-align-center\"><strong><a rel=\"noreferrer noopener\" href=\"https:\/\/www.instagram.com\/p\/CFIX6e0jDqK\/?utm_source=ig_web_copy_link\" data-type=\"URL\" data-id=\"https:\/\/www.instagram.com\/p\/CFIX6e0jDqK\/?utm_source=ig_web_copy_link\" target=\"_blank\">Conduta Liter\u00e1ria<\/a><\/strong> &#8211; <strong><a rel=\"noreferrer noopener\" href=\"https:\/\/www.instagram.com\/p\/CI29YL3jRdy\/?utm_source=ig_web_copy_link\" data-type=\"URL\" data-id=\"https:\/\/www.instagram.com\/p\/CI29YL3jRdy\/?utm_source=ig_web_copy_link\" target=\"_blank\">Lendo Nacionais<\/a><\/strong><\/p>\n\n\n\n<p class=\"has-text-align-center\">E tem mais resenhas do <a href=\"https:\/\/www.instagram.com\/subjetiva.lmm\/\" target=\"_blank\" rel=\"noreferrer noopener\">Instagram<\/a>!<\/p>\n\n\n\n<p><\/p>\n\n\n\n<p class=\"has-text-align-center\">#romance #recome\u00e7o #aprendizarem #universofeminino #fama #ebook #capacomum #amazon #musica<\/p>\n","protected":false},"excerpt":{"rendered":"<p>O enredo n\u00e3o revela apenas hist\u00f3rias de amor, mas uma forma de amar a si mesma, retrata o caminho percorrido por uma estrela da m\u00fasica para descobrir sua pr\u00f3pria ess\u00eancia. Sinopse: Flashes, fama, ilus\u00f5es. Como lidar com o sucesso profissional sem se perder da busca pelo sucesso pessoal? Procurando viver uma hist\u00f3ria que a completasse, Estela vai a dois extremos, um romance que d\u00e1 ibope e realiza desejos que n\u00e3o s\u00e3o seus e uma hist\u00f3ria sem ibope e sem futuro. Ou seriam ambas incertas?O que Estela buscava, afinal? Dividida entre dois amores ou dividida entre o vazio que tentava preencher e a chance que n\u00e3o dava a si mesma? O enredo n\u00e3o revela apenas hist\u00f3rias de amor, mas uma forma de amar a si mesma, retrata o caminho percorrido por uma estrela da m\u00fasica para descobrir sua pr\u00f3pria ess\u00eancia. Adquira o livro em formato e-book ou capa comum: Amazon Resenhas: Conduta Liter\u00e1ria &#8211; Lendo Nacionais E tem mais resenhas do Instagram! #romance #recome\u00e7o #aprendizarem #universofeminino #fama #ebook #capacomum #amazon #musica<\/p>\n","protected":false},"author":1,"featured_media":0,"parent":0,"menu_order":0,"comment_status":"closed","ping_status":"closed","template":"","meta":{"footnotes":""},"class_list":["post-155","page","type-page","status-publish","hentry"],"yoast_head":"<!-- This site is optimized with the Yoast SEO plugin v26.6 - https:\/\/yoast.com\/wordpress\/plugins\/seo\/ -->\n<title>Estela Becker, solit\u00e1ria e intensa - Luciane Monteiro<\/title>\n<meta name=\"robots\" content=\"index, follow, max-snippet:-1, max-image-preview:large, max-video-preview:-1\" \/>\n<link rel=\"canonical\" href=\"https:\/\/lucianemonteiro.com\/index.php\/estela-becker-solitaria-e-intensa\/\" \/>\n<meta property=\"og:locale\" content=\"pt_BR\" \/>\n<meta property=\"og:type\" content=\"article\" \/>\n<meta property=\"og:title\" content=\"Estela Becker, solit\u00e1ria e intensa - Luciane Monteiro\" \/>\n<meta property=\"og:description\" content=\"O enredo n\u00e3o revela apenas hist\u00f3rias de amor, mas uma forma de amar a si mesma, retrata o caminho percorrido por uma estrela da m\u00fasica para descobrir sua pr\u00f3pria ess\u00eancia. Sinopse: Flashes, fama, ilus\u00f5es. Como lidar com o sucesso profissional sem se perder da busca pelo sucesso pessoal? Procurando viver uma hist\u00f3ria que a completasse, Estela vai a dois extremos, um romance que d\u00e1 ibope e realiza desejos que n\u00e3o s\u00e3o seus e uma hist\u00f3ria sem ibope e sem futuro. Ou seriam ambas incertas?O que Estela buscava, afinal? Dividida entre dois amores ou dividida entre o vazio que tentava preencher e a chance que n\u00e3o dava a si mesma? O enredo n\u00e3o revela apenas hist\u00f3rias de amor, mas uma forma de amar a si mesma, retrata o caminho percorrido por uma estrela da m\u00fasica para descobrir sua pr\u00f3pria ess\u00eancia. Adquira o livro em formato e-book ou capa comum: Amazon Resenhas: Conduta Liter\u00e1ria &#8211; Lendo Nacionais E tem mais resenhas do Instagram! #romance #recome\u00e7o #aprendizarem #universofeminino #fama #ebook #capacomum #amazon #musica\" \/>\n<meta property=\"og:url\" content=\"https:\/\/lucianemonteiro.com\/index.php\/estela-becker-solitaria-e-intensa\/\" \/>\n<meta property=\"og:site_name\" content=\"Luciane Monteiro\" \/>\n<meta property=\"article:modified_time\" content=\"2021-09-17T16:46:52+00:00\" \/>\n<meta property=\"og:image\" content=\"https:\/\/lucianemonteiro.com\/wp-content\/uploads\/2021\/01\/Add-a-little-bit-of-body-text-2-1024x1024.jpg\" \/>\n<meta name=\"twitter:card\" content=\"summary_large_image\" \/>\n<meta name=\"twitter:label1\" content=\"Est. tempo de leitura\" \/>\n\t<meta name=\"twitter:data1\" content=\"1 minuto\" \/>\n<script type=\"application\/ld+json\" class=\"yoast-schema-graph\">{\"@context\":\"https:\/\/schema.org\",\"@graph\":[{\"@type\":\"WebPage\",\"@id\":\"https:\/\/lucianemonteiro.com\/index.php\/estela-becker-solitaria-e-intensa\/\",\"url\":\"https:\/\/lucianemonteiro.com\/index.php\/estela-becker-solitaria-e-intensa\/\",\"name\":\"Estela Becker, solit\u00e1ria e intensa - Luciane Monteiro\",\"isPartOf\":{\"@id\":\"https:\/\/lucianemonteiro.com\/#website\"},\"primaryImageOfPage\":{\"@id\":\"https:\/\/lucianemonteiro.com\/index.php\/estela-becker-solitaria-e-intensa\/#primaryimage\"},\"image\":{\"@id\":\"https:\/\/lucianemonteiro.com\/index.php\/estela-becker-solitaria-e-intensa\/#primaryimage\"},\"thumbnailUrl\":\"https:\/\/lucianemonteiro.com\/wp-content\/uploads\/2021\/01\/Add-a-little-bit-of-body-text-2-1024x1024.jpg\",\"datePublished\":\"2021-01-17T03:34:45+00:00\",\"dateModified\":\"2021-09-17T16:46:52+00:00\",\"breadcrumb\":{\"@id\":\"https:\/\/lucianemonteiro.com\/index.php\/estela-becker-solitaria-e-intensa\/#breadcrumb\"},\"inLanguage\":\"pt-BR\",\"potentialAction\":[{\"@type\":\"ReadAction\",\"target\":[\"https:\/\/lucianemonteiro.com\/index.php\/estela-becker-solitaria-e-intensa\/\"]}]},{\"@type\":\"ImageObject\",\"inLanguage\":\"pt-BR\",\"@id\":\"https:\/\/lucianemonteiro.com\/index.php\/estela-becker-solitaria-e-intensa\/#primaryimage\",\"url\":\"https:\/\/lucianemonteiro.com\/wp-content\/uploads\/2021\/01\/Add-a-little-bit-of-body-text-2.jpg\",\"contentUrl\":\"https:\/\/lucianemonteiro.com\/wp-content\/uploads\/2021\/01\/Add-a-little-bit-of-body-text-2.jpg\",\"width\":1080,\"height\":1080},{\"@type\":\"BreadcrumbList\",\"@id\":\"https:\/\/lucianemonteiro.com\/index.php\/estela-becker-solitaria-e-intensa\/#breadcrumb\",\"itemListElement\":[{\"@type\":\"ListItem\",\"position\":1,\"name\":\"In\u00edcio\",\"item\":\"https:\/\/lucianemonteiro.com\/\"},{\"@type\":\"ListItem\",\"position\":2,\"name\":\"Estela Becker, solit\u00e1ria e intensa\"}]},{\"@type\":\"WebSite\",\"@id\":\"https:\/\/lucianemonteiro.com\/#website\",\"url\":\"https:\/\/lucianemonteiro.com\/\",\"name\":\"Luciane Monteiro\",\"description\":\"Escritos\",\"potentialAction\":[{\"@type\":\"SearchAction\",\"target\":{\"@type\":\"EntryPoint\",\"urlTemplate\":\"https:\/\/lucianemonteiro.com\/?s={search_term_string}\"},\"query-input\":{\"@type\":\"PropertyValueSpecification\",\"valueRequired\":true,\"valueName\":\"search_term_string\"}}],\"inLanguage\":\"pt-BR\"}]}<\/script>\n<!-- \/ Yoast SEO plugin. -->","yoast_head_json":{"title":"Estela Becker, solit\u00e1ria e intensa - Luciane Monteiro","robots":{"index":"index","follow":"follow","max-snippet":"max-snippet:-1","max-image-preview":"max-image-preview:large","max-video-preview":"max-video-preview:-1"},"canonical":"https:\/\/lucianemonteiro.com\/index.php\/estela-becker-solitaria-e-intensa\/","og_locale":"pt_BR","og_type":"article","og_title":"Estela Becker, solit\u00e1ria e intensa - Luciane Monteiro","og_description":"O enredo n\u00e3o revela apenas hist\u00f3rias de amor, mas uma forma de amar a si mesma, retrata o caminho percorrido por uma estrela da m\u00fasica para descobrir sua pr\u00f3pria ess\u00eancia. Sinopse: Flashes, fama, ilus\u00f5es. Como lidar com o sucesso profissional sem se perder da busca pelo sucesso pessoal? Procurando viver uma hist\u00f3ria que a completasse, Estela vai a dois extremos, um romance que d\u00e1 ibope e realiza desejos que n\u00e3o s\u00e3o seus e uma hist\u00f3ria sem ibope e sem futuro. Ou seriam ambas incertas?O que Estela buscava, afinal? Dividida entre dois amores ou dividida entre o vazio que tentava preencher e a chance que n\u00e3o dava a si mesma? O enredo n\u00e3o revela apenas hist\u00f3rias de amor, mas uma forma de amar a si mesma, retrata o caminho percorrido por uma estrela da m\u00fasica para descobrir sua pr\u00f3pria ess\u00eancia. Adquira o livro em formato e-book ou capa comum: Amazon Resenhas: Conduta Liter\u00e1ria &#8211; Lendo Nacionais E tem mais resenhas do Instagram! #romance #recome\u00e7o #aprendizarem #universofeminino #fama #ebook #capacomum #amazon #musica","og_url":"https:\/\/lucianemonteiro.com\/index.php\/estela-becker-solitaria-e-intensa\/","og_site_name":"Luciane Monteiro","article_modified_time":"2021-09-17T16:46:52+00:00","og_image":[{"url":"https:\/\/lucianemonteiro.com\/wp-content\/uploads\/2021\/01\/Add-a-little-bit-of-body-text-2-1024x1024.jpg","type":"","width":"","height":""}],"twitter_card":"summary_large_image","twitter_misc":{"Est. tempo de leitura":"1 minuto"},"schema":{"@context":"https:\/\/schema.org","@graph":[{"@type":"WebPage","@id":"https:\/\/lucianemonteiro.com\/index.php\/estela-becker-solitaria-e-intensa\/","url":"https:\/\/lucianemonteiro.com\/index.php\/estela-becker-solitaria-e-intensa\/","name":"Estela Becker, solit\u00e1ria e intensa - Luciane Monteiro","isPartOf":{"@id":"https:\/\/lucianemonteiro.com\/#website"},"primaryImageOfPage":{"@id":"https:\/\/lucianemonteiro.com\/index.php\/estela-becker-solitaria-e-intensa\/#primaryimage"},"image":{"@id":"https:\/\/lucianemonteiro.com\/index.php\/estela-becker-solitaria-e-intensa\/#primaryimage"},"thumbnailUrl":"https:\/\/lucianemonteiro.com\/wp-content\/uploads\/2021\/01\/Add-a-little-bit-of-body-text-2-1024x1024.jpg","datePublished":"2021-01-17T03:34:45+00:00","dateModified":"2021-09-17T16:46:52+00:00","breadcrumb":{"@id":"https:\/\/lucianemonteiro.com\/index.php\/estela-becker-solitaria-e-intensa\/#breadcrumb"},"inLanguage":"pt-BR","potentialAction":[{"@type":"ReadAction","target":["https:\/\/lucianemonteiro.com\/index.php\/estela-becker-solitaria-e-intensa\/"]}]},{"@type":"ImageObject","inLanguage":"pt-BR","@id":"https:\/\/lucianemonteiro.com\/index.php\/estela-becker-solitaria-e-intensa\/#primaryimage","url":"https:\/\/lucianemonteiro.com\/wp-content\/uploads\/2021\/01\/Add-a-little-bit-of-body-text-2.jpg","contentUrl":"https:\/\/lucianemonteiro.com\/wp-content\/uploads\/2021\/01\/Add-a-little-bit-of-body-text-2.jpg","width":1080,"height":1080},{"@type":"BreadcrumbList","@id":"https:\/\/lucianemonteiro.com\/index.php\/estela-becker-solitaria-e-intensa\/#breadcrumb","itemListElement":[{"@type":"ListItem","position":1,"name":"In\u00edcio","item":"https:\/\/lucianemonteiro.com\/"},{"@type":"ListItem","position":2,"name":"Estela Becker, solit\u00e1ria e intensa"}]},{"@type":"WebSite","@id":"https:\/\/lucianemonteiro.com\/#website","url":"https:\/\/lucianemonteiro.com\/","name":"Luciane Monteiro","description":"Escritos","potentialAction":[{"@type":"SearchAction","target":{"@type":"EntryPoint","urlTemplate":"https:\/\/lucianemonteiro.com\/?s={search_term_string}"},"query-input":{"@type":"PropertyValueSpecification","valueRequired":true,"valueName":"search_term_string"}}],"inLanguage":"pt-BR"}]}},"acf":[],"_links":{"self":[{"href":"https:\/\/lucianemonteiro.com\/index.php\/wp-json\/wp\/v2\/pages\/155","targetHints":{"allow":["GET"]}}],"collection":[{"href":"https:\/\/lucianemonteiro.com\/index.php\/wp-json\/wp\/v2\/pages"}],"about":[{"href":"https:\/\/lucianemonteiro.com\/index.php\/wp-json\/wp\/v2\/types\/page"}],"author":[{"embeddable":true,"href":"https:\/\/lucianemonteiro.com\/index.php\/wp-json\/wp\/v2\/users\/1"}],"replies":[{"embeddable":true,"href":"https:\/\/lucianemonteiro.com\/index.php\/wp-json\/wp\/v2\/comments?post=155"}],"version-history":[{"count":7,"href":"https:\/\/lucianemonteiro.com\/index.php\/wp-json\/wp\/v2\/pages\/155\/revisions"}],"predecessor-version":[{"id":1504,"href":"https:\/\/lucianemonteiro.com\/index.php\/wp-json\/wp\/v2\/pages\/155\/revisions\/1504"}],"wp:attachment":[{"href":"https:\/\/lucianemonteiro.com\/index.php\/wp-json\/wp\/v2\/media?parent=155"}],"curies":[{"name":"wp","href":"https:\/\/api.w.org\/{rel}","templated":true}]}}