{"id":1521,"date":"2021-10-09T22:50:14","date_gmt":"2021-10-10T01:50:14","guid":{"rendered":"https:\/\/lucianemonteiro.com\/?page_id=1521"},"modified":"2021-10-14T17:11:04","modified_gmt":"2021-10-14T20:11:04","slug":"a-senhora-nao-solta-pum","status":"publish","type":"page","link":"https:\/\/lucianemonteiro.com\/index.php\/a-senhora-nao-solta-pum\/","title":{"rendered":"A senhora n\u00e3o solta pum?"},"content":{"rendered":"\n<p class=\"has-text-align-center\">Voc\u00eas j\u00e1 pensaram que as crian\u00e7as est\u00e3o, cada dia mais cedo, com um tablet ou celular na m\u00e3o? Se n\u00e3o tem como fugir deles, vamos levar os livros para os aparelhos. Eis aqui meu primeiro e-book infantil. Modesto, sem ambi\u00e7\u00f5es pedag\u00f3gicas, apenas o intuito de divertir! E eu? Feliz como quem lan\u00e7a o primeiro livro. Ali\u00e1s, feliz como uma crian\u00e7a! Leia mais: A senhora n\u00e3o solta pum?<\/p>\n\n\n\n<div class=\"wp-block-image is-style-default\"><figure class=\"aligncenter size-medium is-resized\"><img loading=\"lazy\" decoding=\"async\" src=\"https:\/\/lucianemonteiro.com\/wp-content\/uploads\/2021\/10\/New-2-300x300.png\" alt=\"\" class=\"wp-image-1510\" width=\"300\" height=\"300\" srcset=\"https:\/\/lucianemonteiro.com\/wp-content\/uploads\/2021\/10\/New-2-300x300.png 300w, https:\/\/lucianemonteiro.com\/wp-content\/uploads\/2021\/10\/New-2-1024x1024.png 1024w, https:\/\/lucianemonteiro.com\/wp-content\/uploads\/2021\/10\/New-2-150x150.png 150w, https:\/\/lucianemonteiro.com\/wp-content\/uploads\/2021\/10\/New-2-768x768.png 768w, https:\/\/lucianemonteiro.com\/wp-content\/uploads\/2021\/10\/New-2-75x75.png 75w, https:\/\/lucianemonteiro.com\/wp-content\/uploads\/2021\/10\/New-2-600x600.png 600w, https:\/\/lucianemonteiro.com\/wp-content\/uploads\/2021\/10\/New-2-100x100.png 100w, https:\/\/lucianemonteiro.com\/wp-content\/uploads\/2021\/10\/New-2.png 1080w\" sizes=\"auto, (max-width: 300px) 100vw, 300px\" \/><\/figure><\/div>\n\n\n\n<p class=\"has-text-align-center\"><strong>Sinopse:<\/strong> Uma sala silenciosa, uma professora sisuda e uma menina t\u00edmida que, de repente, resolve fazer uma traquinagem. E, pronto, est\u00e1 feita a confus\u00e3o! Nada de moral da hist\u00f3ria, nada de li\u00e7\u00e3o pedag\u00f3gica por aqui, apenas divers\u00e3o!&nbsp;<\/p>\n\n\n\n<p class=\"has-text-align-center\"><strong>Adquira a obra online:<\/strong> <\/p>\n\n\n\n<p class=\"has-text-align-center\"><a href=\"https:\/\/www.amazon.com.br\/senhora-n%C3%A3o-solta-pum-ebook\/dp\/B09HSWVZG1\/\" target=\"_blank\" rel=\"noreferrer noopener\"><strong>Amazon<\/strong><\/a> &#8211; <strong><a href=\"https:\/\/www.amazon.com\/shop\/historinhaspracontar\" target=\"_blank\" rel=\"noreferrer noopener\">Historinha pra contar<\/a><\/strong><\/p>\n","protected":false},"excerpt":{"rendered":"<p>Voc\u00eas j\u00e1 pensaram que as crian\u00e7as est\u00e3o, cada dia mais cedo, com um tablet ou celular na m\u00e3o? Se n\u00e3o tem como fugir deles, vamos levar os livros para os aparelhos. Eis aqui meu primeiro e-book infantil. Modesto, sem ambi\u00e7\u00f5es pedag\u00f3gicas, apenas o intuito de divertir! E eu? Feliz como quem lan\u00e7a o primeiro livro. Ali\u00e1s, feliz como uma crian\u00e7a! Leia mais: A senhora n\u00e3o solta pum? Sinopse: Uma sala silenciosa, uma professora sisuda e uma menina t\u00edmida que, de repente, resolve fazer uma traquinagem. E, pronto, est\u00e1 feita a confus\u00e3o! Nada de moral da hist\u00f3ria, nada de li\u00e7\u00e3o pedag\u00f3gica por aqui, apenas divers\u00e3o!&nbsp; Adquira a obra online: Amazon &#8211; Historinha pra contar<\/p>\n","protected":false},"author":1,"featured_media":0,"parent":0,"menu_order":0,"comment_status":"closed","ping_status":"closed","template":"","meta":{"footnotes":""},"class_list":["post-1521","page","type-page","status-publish","hentry"],"yoast_head":"<!-- This site is optimized with the Yoast SEO plugin v26.6 - https:\/\/yoast.com\/wordpress\/plugins\/seo\/ -->\n<title>A senhora n\u00e3o solta pum? - Luciane Monteiro<\/title>\n<meta name=\"robots\" content=\"index, follow, max-snippet:-1, max-image-preview:large, max-video-preview:-1\" \/>\n<link rel=\"canonical\" href=\"https:\/\/lucianemonteiro.com\/index.php\/a-senhora-nao-solta-pum\/\" \/>\n<meta property=\"og:locale\" content=\"pt_BR\" \/>\n<meta property=\"og:type\" content=\"article\" \/>\n<meta property=\"og:title\" content=\"A senhora n\u00e3o solta pum? - Luciane Monteiro\" \/>\n<meta property=\"og:description\" content=\"Voc\u00eas j\u00e1 pensaram que as crian\u00e7as est\u00e3o, cada dia mais cedo, com um tablet ou celular na m\u00e3o? Se n\u00e3o tem como fugir deles, vamos levar os livros para os aparelhos. Eis aqui meu primeiro e-book infantil. Modesto, sem ambi\u00e7\u00f5es pedag\u00f3gicas, apenas o intuito de divertir! E eu? Feliz como quem lan\u00e7a o primeiro livro. Ali\u00e1s, feliz como uma crian\u00e7a! Leia mais: A senhora n\u00e3o solta pum? Sinopse: Uma sala silenciosa, uma professora sisuda e uma menina t\u00edmida que, de repente, resolve fazer uma traquinagem. E, pronto, est\u00e1 feita a confus\u00e3o! Nada de moral da hist\u00f3ria, nada de li\u00e7\u00e3o pedag\u00f3gica por aqui, apenas divers\u00e3o!&nbsp; Adquira a obra online: Amazon &#8211; Historinha pra contar\" \/>\n<meta property=\"og:url\" content=\"https:\/\/lucianemonteiro.com\/index.php\/a-senhora-nao-solta-pum\/\" \/>\n<meta property=\"og:site_name\" content=\"Luciane Monteiro\" \/>\n<meta property=\"article:modified_time\" content=\"2021-10-14T20:11:04+00:00\" \/>\n<meta property=\"og:image\" content=\"https:\/\/lucianemonteiro.com\/wp-content\/uploads\/2021\/10\/New-2-300x300.png\" \/>\n<meta name=\"twitter:card\" content=\"summary_large_image\" \/>\n<meta name=\"twitter:label1\" content=\"Est. tempo de leitura\" \/>\n\t<meta name=\"twitter:data1\" content=\"1 minuto\" \/>\n<script type=\"application\/ld+json\" class=\"yoast-schema-graph\">{\"@context\":\"https:\/\/schema.org\",\"@graph\":[{\"@type\":\"WebPage\",\"@id\":\"https:\/\/lucianemonteiro.com\/index.php\/a-senhora-nao-solta-pum\/\",\"url\":\"https:\/\/lucianemonteiro.com\/index.php\/a-senhora-nao-solta-pum\/\",\"name\":\"A senhora n\u00e3o solta pum? - Luciane Monteiro\",\"isPartOf\":{\"@id\":\"https:\/\/lucianemonteiro.com\/#website\"},\"primaryImageOfPage\":{\"@id\":\"https:\/\/lucianemonteiro.com\/index.php\/a-senhora-nao-solta-pum\/#primaryimage\"},\"image\":{\"@id\":\"https:\/\/lucianemonteiro.com\/index.php\/a-senhora-nao-solta-pum\/#primaryimage\"},\"thumbnailUrl\":\"https:\/\/lucianemonteiro.com\/wp-content\/uploads\/2021\/10\/New-2-300x300.png\",\"datePublished\":\"2021-10-10T01:50:14+00:00\",\"dateModified\":\"2021-10-14T20:11:04+00:00\",\"breadcrumb\":{\"@id\":\"https:\/\/lucianemonteiro.com\/index.php\/a-senhora-nao-solta-pum\/#breadcrumb\"},\"inLanguage\":\"pt-BR\",\"potentialAction\":[{\"@type\":\"ReadAction\",\"target\":[\"https:\/\/lucianemonteiro.com\/index.php\/a-senhora-nao-solta-pum\/\"]}]},{\"@type\":\"ImageObject\",\"inLanguage\":\"pt-BR\",\"@id\":\"https:\/\/lucianemonteiro.com\/index.php\/a-senhora-nao-solta-pum\/#primaryimage\",\"url\":\"https:\/\/lucianemonteiro.com\/wp-content\/uploads\/2021\/10\/New-2.png\",\"contentUrl\":\"https:\/\/lucianemonteiro.com\/wp-content\/uploads\/2021\/10\/New-2.png\",\"width\":1080,\"height\":1080},{\"@type\":\"BreadcrumbList\",\"@id\":\"https:\/\/lucianemonteiro.com\/index.php\/a-senhora-nao-solta-pum\/#breadcrumb\",\"itemListElement\":[{\"@type\":\"ListItem\",\"position\":1,\"name\":\"In\u00edcio\",\"item\":\"https:\/\/lucianemonteiro.com\/\"},{\"@type\":\"ListItem\",\"position\":2,\"name\":\"A senhora n\u00e3o solta pum?\"}]},{\"@type\":\"WebSite\",\"@id\":\"https:\/\/lucianemonteiro.com\/#website\",\"url\":\"https:\/\/lucianemonteiro.com\/\",\"name\":\"Luciane Monteiro\",\"description\":\"Escritos\",\"potentialAction\":[{\"@type\":\"SearchAction\",\"target\":{\"@type\":\"EntryPoint\",\"urlTemplate\":\"https:\/\/lucianemonteiro.com\/?s={search_term_string}\"},\"query-input\":{\"@type\":\"PropertyValueSpecification\",\"valueRequired\":true,\"valueName\":\"search_term_string\"}}],\"inLanguage\":\"pt-BR\"}]}<\/script>\n<!-- \/ Yoast SEO plugin. -->","yoast_head_json":{"title":"A senhora n\u00e3o solta pum? - Luciane Monteiro","robots":{"index":"index","follow":"follow","max-snippet":"max-snippet:-1","max-image-preview":"max-image-preview:large","max-video-preview":"max-video-preview:-1"},"canonical":"https:\/\/lucianemonteiro.com\/index.php\/a-senhora-nao-solta-pum\/","og_locale":"pt_BR","og_type":"article","og_title":"A senhora n\u00e3o solta pum? - Luciane Monteiro","og_description":"Voc\u00eas j\u00e1 pensaram que as crian\u00e7as est\u00e3o, cada dia mais cedo, com um tablet ou celular na m\u00e3o? Se n\u00e3o tem como fugir deles, vamos levar os livros para os aparelhos. Eis aqui meu primeiro e-book infantil. Modesto, sem ambi\u00e7\u00f5es pedag\u00f3gicas, apenas o intuito de divertir! E eu? Feliz como quem lan\u00e7a o primeiro livro. Ali\u00e1s, feliz como uma crian\u00e7a! Leia mais: A senhora n\u00e3o solta pum? Sinopse: Uma sala silenciosa, uma professora sisuda e uma menina t\u00edmida que, de repente, resolve fazer uma traquinagem. E, pronto, est\u00e1 feita a confus\u00e3o! Nada de moral da hist\u00f3ria, nada de li\u00e7\u00e3o pedag\u00f3gica por aqui, apenas divers\u00e3o!&nbsp; Adquira a obra online: Amazon &#8211; Historinha pra contar","og_url":"https:\/\/lucianemonteiro.com\/index.php\/a-senhora-nao-solta-pum\/","og_site_name":"Luciane Monteiro","article_modified_time":"2021-10-14T20:11:04+00:00","og_image":[{"url":"https:\/\/lucianemonteiro.com\/wp-content\/uploads\/2021\/10\/New-2-300x300.png","type":"","width":"","height":""}],"twitter_card":"summary_large_image","twitter_misc":{"Est. tempo de leitura":"1 minuto"},"schema":{"@context":"https:\/\/schema.org","@graph":[{"@type":"WebPage","@id":"https:\/\/lucianemonteiro.com\/index.php\/a-senhora-nao-solta-pum\/","url":"https:\/\/lucianemonteiro.com\/index.php\/a-senhora-nao-solta-pum\/","name":"A senhora n\u00e3o solta pum? - Luciane Monteiro","isPartOf":{"@id":"https:\/\/lucianemonteiro.com\/#website"},"primaryImageOfPage":{"@id":"https:\/\/lucianemonteiro.com\/index.php\/a-senhora-nao-solta-pum\/#primaryimage"},"image":{"@id":"https:\/\/lucianemonteiro.com\/index.php\/a-senhora-nao-solta-pum\/#primaryimage"},"thumbnailUrl":"https:\/\/lucianemonteiro.com\/wp-content\/uploads\/2021\/10\/New-2-300x300.png","datePublished":"2021-10-10T01:50:14+00:00","dateModified":"2021-10-14T20:11:04+00:00","breadcrumb":{"@id":"https:\/\/lucianemonteiro.com\/index.php\/a-senhora-nao-solta-pum\/#breadcrumb"},"inLanguage":"pt-BR","potentialAction":[{"@type":"ReadAction","target":["https:\/\/lucianemonteiro.com\/index.php\/a-senhora-nao-solta-pum\/"]}]},{"@type":"ImageObject","inLanguage":"pt-BR","@id":"https:\/\/lucianemonteiro.com\/index.php\/a-senhora-nao-solta-pum\/#primaryimage","url":"https:\/\/lucianemonteiro.com\/wp-content\/uploads\/2021\/10\/New-2.png","contentUrl":"https:\/\/lucianemonteiro.com\/wp-content\/uploads\/2021\/10\/New-2.png","width":1080,"height":1080},{"@type":"BreadcrumbList","@id":"https:\/\/lucianemonteiro.com\/index.php\/a-senhora-nao-solta-pum\/#breadcrumb","itemListElement":[{"@type":"ListItem","position":1,"name":"In\u00edcio","item":"https:\/\/lucianemonteiro.com\/"},{"@type":"ListItem","position":2,"name":"A senhora n\u00e3o solta pum?"}]},{"@type":"WebSite","@id":"https:\/\/lucianemonteiro.com\/#website","url":"https:\/\/lucianemonteiro.com\/","name":"Luciane Monteiro","description":"Escritos","potentialAction":[{"@type":"SearchAction","target":{"@type":"EntryPoint","urlTemplate":"https:\/\/lucianemonteiro.com\/?s={search_term_string}"},"query-input":{"@type":"PropertyValueSpecification","valueRequired":true,"valueName":"search_term_string"}}],"inLanguage":"pt-BR"}]}},"acf":[],"_links":{"self":[{"href":"https:\/\/lucianemonteiro.com\/index.php\/wp-json\/wp\/v2\/pages\/1521","targetHints":{"allow":["GET"]}}],"collection":[{"href":"https:\/\/lucianemonteiro.com\/index.php\/wp-json\/wp\/v2\/pages"}],"about":[{"href":"https:\/\/lucianemonteiro.com\/index.php\/wp-json\/wp\/v2\/types\/page"}],"author":[{"embeddable":true,"href":"https:\/\/lucianemonteiro.com\/index.php\/wp-json\/wp\/v2\/users\/1"}],"replies":[{"embeddable":true,"href":"https:\/\/lucianemonteiro.com\/index.php\/wp-json\/wp\/v2\/comments?post=1521"}],"version-history":[{"count":8,"href":"https:\/\/lucianemonteiro.com\/index.php\/wp-json\/wp\/v2\/pages\/1521\/revisions"}],"predecessor-version":[{"id":1555,"href":"https:\/\/lucianemonteiro.com\/index.php\/wp-json\/wp\/v2\/pages\/1521\/revisions\/1555"}],"wp:attachment":[{"href":"https:\/\/lucianemonteiro.com\/index.php\/wp-json\/wp\/v2\/media?parent=1521"}],"curies":[{"name":"wp","href":"https:\/\/api.w.org\/{rel}","templated":true}]}}