{"id":136,"date":"2021-01-17T00:40:55","date_gmt":"2021-01-17T03:40:55","guid":{"rendered":"https:\/\/lucianemonteiro.com\/?page_id=136"},"modified":"2021-09-17T13:44:57","modified_gmt":"2021-09-17T16:44:57","slug":"o-amor-e-demi-sec","status":"publish","type":"page","link":"https:\/\/lucianemonteiro.com\/index.php\/o-amor-e-demi-sec\/","title":{"rendered":"O amor \u00e9 demi-sec"},"content":{"rendered":"\n<p class=\"has-text-align-center\">Quer uma hist\u00f3ria de amor bem leve? Para quem adora hist\u00f3rias de recome\u00e7os!!!<\/p>\n\n\n\n<div class=\"wp-block-image\"><figure class=\"aligncenter size-large is-resized\"><img loading=\"lazy\" decoding=\"async\" src=\"https:\/\/lucianemonteiro.com\/wp-content\/uploads\/2021\/01\/Que-tal-um-e-book-com-uma-historia-bem-romantica_-1024x1024.jpg\" alt=\"\" class=\"wp-image-138\" width=\"512\" height=\"512\" srcset=\"https:\/\/lucianemonteiro.com\/wp-content\/uploads\/2021\/01\/Que-tal-um-e-book-com-uma-historia-bem-romantica_-1024x1024.jpg 1024w, https:\/\/lucianemonteiro.com\/wp-content\/uploads\/2021\/01\/Que-tal-um-e-book-com-uma-historia-bem-romantica_-300x300.jpg 300w, https:\/\/lucianemonteiro.com\/wp-content\/uploads\/2021\/01\/Que-tal-um-e-book-com-uma-historia-bem-romantica_-150x150.jpg 150w, https:\/\/lucianemonteiro.com\/wp-content\/uploads\/2021\/01\/Que-tal-um-e-book-com-uma-historia-bem-romantica_-768x768.jpg 768w, https:\/\/lucianemonteiro.com\/wp-content\/uploads\/2021\/01\/Que-tal-um-e-book-com-uma-historia-bem-romantica_-75x75.jpg 75w, https:\/\/lucianemonteiro.com\/wp-content\/uploads\/2021\/01\/Que-tal-um-e-book-com-uma-historia-bem-romantica_-600x600.jpg 600w, https:\/\/lucianemonteiro.com\/wp-content\/uploads\/2021\/01\/Que-tal-um-e-book-com-uma-historia-bem-romantica_-100x100.jpg 100w, https:\/\/lucianemonteiro.com\/wp-content\/uploads\/2021\/01\/Que-tal-um-e-book-com-uma-historia-bem-romantica_.jpg 1080w\" sizes=\"auto, (max-width: 512px) 100vw, 512px\" \/><\/figure><\/div>\n\n\n\n<p class=\"has-text-align-center\"><strong>Sinopse:<\/strong> <\/p>\n\n\n\n<p class=\"has-text-align-center\">Ele sofreu uma perda irrepar\u00e1vel, ela sofreu uma desilus\u00e3o imperdo\u00e1vel. Dois solit\u00e1rios ariscos que se aproximaram para reerguer uma empresa de eventos. Por\u00e9m, ao longo dessa sociedade, dividiram tamb\u00e9m a paix\u00e3o pela m\u00fasica e pelas noites enluaradas. Descobriram, ainda, o suporte e afeto que poderiam compartilhar para a cura de suas feridas. O dif\u00edcil, contudo, era manter todo esse afeto separado de sentimentos mais profundos&#8230;<\/p>\n\n\n\n<p class=\"has-text-align-center\"><strong>Adquira a obra:<\/strong> <strong><a href=\"https:\/\/www.amazon.com.br\/amor-%C3%A9-demi-sec-Luciane-Monteiro-ebook\/dp\/B08B7ND44Z\" data-type=\"URL\" data-id=\"https:\/\/www.amazon.com.br\/amor-%C3%A9-demi-sec-Luciane-Monteiro-ebook\/dp\/B08B7ND44Z\" target=\"_blank\" rel=\"noreferrer noopener\">Amazon<\/a><\/strong><\/p>\n\n\n\n<p class=\"has-text-align-center\"><strong>Resenhas:<\/strong><\/p>\n\n\n\n<p class=\"has-text-align-center\"><strong><a rel=\"noreferrer noopener\" href=\"https:\/\/www.instagram.com\/p\/CI0jYbnDr1_\/?utm_source=ig_web_copy_link\" data-type=\"URL\" data-id=\"https:\/\/www.instagram.com\/p\/CI0jYbnDr1_\/?utm_source=ig_web_copy_link\" target=\"_blank\">Um cantinho s\u00f3 meu<\/a><\/strong> &#8211; <strong><a rel=\"noreferrer noopener\" href=\"https:\/\/www.instagram.com\/p\/CFejZsIDlmt\/?utm_source=ig_web_copy_link\" data-type=\"URL\" data-id=\"https:\/\/www.instagram.com\/p\/CFejZsIDlmt\/?utm_source=ig_web_copy_link\" target=\"_blank\">Nati Livros de Romance<\/a><\/strong> &#8211; <strong><a rel=\"noreferrer noopener\" href=\"https:\/\/www.instagram.com\/p\/CFIEWTEj_JJ\/?utm_source=ig_web_copy_link\" data-type=\"URL\" data-id=\"https:\/\/www.instagram.com\/p\/CFIEWTEj_JJ\/?utm_source=ig_web_copy_link\" target=\"_blank\">Divas literariass<\/a><\/strong><\/p>\n\n\n\n<p class=\"has-text-align-center\">E tem mais resenhas no<a href=\"https:\/\/www.instagram.com\/subjetiva.lmm\/\" target=\"_blank\" rel=\"noreferrer noopener\"> Instagram<\/a>!<\/p>\n\n\n\n<p><\/p>\n\n\n\n<p class=\"has-text-align-center\">#romance #minasgerais #saosebastiaodorioverde #recome\u00e7o #amizade #ebook #capacomum #amazon<\/p>\n","protected":false},"excerpt":{"rendered":"<p>Quer uma hist\u00f3ria de amor bem leve? Para quem adora hist\u00f3rias de recome\u00e7os!!! Sinopse: Ele sofreu uma perda irrepar\u00e1vel, ela sofreu uma desilus\u00e3o imperdo\u00e1vel. Dois solit\u00e1rios ariscos que se aproximaram para reerguer uma empresa de eventos. Por\u00e9m, ao longo dessa sociedade, dividiram tamb\u00e9m a paix\u00e3o pela m\u00fasica e pelas noites enluaradas. Descobriram, ainda, o suporte e afeto que poderiam compartilhar para a cura de suas feridas. O dif\u00edcil, contudo, era manter todo esse afeto separado de sentimentos mais profundos&#8230; Adquira a obra: Amazon Resenhas: Um cantinho s\u00f3 meu &#8211; Nati Livros de Romance &#8211; Divas literariass E tem mais resenhas no Instagram! #romance #minasgerais #saosebastiaodorioverde #recome\u00e7o #amizade #ebook #capacomum #amazon<\/p>\n","protected":false},"author":1,"featured_media":0,"parent":0,"menu_order":0,"comment_status":"closed","ping_status":"closed","template":"","meta":{"footnotes":""},"class_list":["post-136","page","type-page","status-publish","hentry"],"yoast_head":"<!-- This site is optimized with the Yoast SEO plugin v26.6 - https:\/\/yoast.com\/wordpress\/plugins\/seo\/ -->\n<title>O amor \u00e9 demi-sec - Luciane Monteiro<\/title>\n<meta name=\"robots\" content=\"index, follow, max-snippet:-1, max-image-preview:large, max-video-preview:-1\" \/>\n<link rel=\"canonical\" href=\"https:\/\/lucianemonteiro.com\/index.php\/o-amor-e-demi-sec\/\" \/>\n<meta property=\"og:locale\" content=\"pt_BR\" \/>\n<meta property=\"og:type\" content=\"article\" \/>\n<meta property=\"og:title\" content=\"O amor \u00e9 demi-sec - Luciane Monteiro\" \/>\n<meta property=\"og:description\" content=\"Quer uma hist\u00f3ria de amor bem leve? Para quem adora hist\u00f3rias de recome\u00e7os!!! Sinopse: Ele sofreu uma perda irrepar\u00e1vel, ela sofreu uma desilus\u00e3o imperdo\u00e1vel. Dois solit\u00e1rios ariscos que se aproximaram para reerguer uma empresa de eventos. Por\u00e9m, ao longo dessa sociedade, dividiram tamb\u00e9m a paix\u00e3o pela m\u00fasica e pelas noites enluaradas. Descobriram, ainda, o suporte e afeto que poderiam compartilhar para a cura de suas feridas. O dif\u00edcil, contudo, era manter todo esse afeto separado de sentimentos mais profundos&#8230; Adquira a obra: Amazon Resenhas: Um cantinho s\u00f3 meu &#8211; Nati Livros de Romance &#8211; Divas literariass E tem mais resenhas no Instagram! #romance #minasgerais #saosebastiaodorioverde #recome\u00e7o #amizade #ebook #capacomum #amazon\" \/>\n<meta property=\"og:url\" content=\"https:\/\/lucianemonteiro.com\/index.php\/o-amor-e-demi-sec\/\" \/>\n<meta property=\"og:site_name\" content=\"Luciane Monteiro\" \/>\n<meta property=\"article:modified_time\" content=\"2021-09-17T16:44:57+00:00\" \/>\n<meta property=\"og:image\" content=\"https:\/\/lucianemonteiro.com\/wp-content\/uploads\/2021\/01\/Que-tal-um-e-book-com-uma-historia-bem-romantica_-1024x1024.jpg\" \/>\n<meta name=\"twitter:card\" content=\"summary_large_image\" \/>\n<meta name=\"twitter:label1\" content=\"Est. tempo de leitura\" \/>\n\t<meta name=\"twitter:data1\" content=\"1 minuto\" \/>\n<script type=\"application\/ld+json\" class=\"yoast-schema-graph\">{\"@context\":\"https:\/\/schema.org\",\"@graph\":[{\"@type\":\"WebPage\",\"@id\":\"https:\/\/lucianemonteiro.com\/index.php\/o-amor-e-demi-sec\/\",\"url\":\"https:\/\/lucianemonteiro.com\/index.php\/o-amor-e-demi-sec\/\",\"name\":\"O amor \u00e9 demi-sec - Luciane Monteiro\",\"isPartOf\":{\"@id\":\"https:\/\/lucianemonteiro.com\/#website\"},\"primaryImageOfPage\":{\"@id\":\"https:\/\/lucianemonteiro.com\/index.php\/o-amor-e-demi-sec\/#primaryimage\"},\"image\":{\"@id\":\"https:\/\/lucianemonteiro.com\/index.php\/o-amor-e-demi-sec\/#primaryimage\"},\"thumbnailUrl\":\"https:\/\/lucianemonteiro.com\/wp-content\/uploads\/2021\/01\/Que-tal-um-e-book-com-uma-historia-bem-romantica_-1024x1024.jpg\",\"datePublished\":\"2021-01-17T03:40:55+00:00\",\"dateModified\":\"2021-09-17T16:44:57+00:00\",\"breadcrumb\":{\"@id\":\"https:\/\/lucianemonteiro.com\/index.php\/o-amor-e-demi-sec\/#breadcrumb\"},\"inLanguage\":\"pt-BR\",\"potentialAction\":[{\"@type\":\"ReadAction\",\"target\":[\"https:\/\/lucianemonteiro.com\/index.php\/o-amor-e-demi-sec\/\"]}]},{\"@type\":\"ImageObject\",\"inLanguage\":\"pt-BR\",\"@id\":\"https:\/\/lucianemonteiro.com\/index.php\/o-amor-e-demi-sec\/#primaryimage\",\"url\":\"https:\/\/lucianemonteiro.com\/wp-content\/uploads\/2021\/01\/Que-tal-um-e-book-com-uma-historia-bem-romantica_.jpg\",\"contentUrl\":\"https:\/\/lucianemonteiro.com\/wp-content\/uploads\/2021\/01\/Que-tal-um-e-book-com-uma-historia-bem-romantica_.jpg\",\"width\":1080,\"height\":1080},{\"@type\":\"BreadcrumbList\",\"@id\":\"https:\/\/lucianemonteiro.com\/index.php\/o-amor-e-demi-sec\/#breadcrumb\",\"itemListElement\":[{\"@type\":\"ListItem\",\"position\":1,\"name\":\"In\u00edcio\",\"item\":\"https:\/\/lucianemonteiro.com\/\"},{\"@type\":\"ListItem\",\"position\":2,\"name\":\"O amor \u00e9 demi-sec\"}]},{\"@type\":\"WebSite\",\"@id\":\"https:\/\/lucianemonteiro.com\/#website\",\"url\":\"https:\/\/lucianemonteiro.com\/\",\"name\":\"Luciane Monteiro\",\"description\":\"Escritos\",\"potentialAction\":[{\"@type\":\"SearchAction\",\"target\":{\"@type\":\"EntryPoint\",\"urlTemplate\":\"https:\/\/lucianemonteiro.com\/?s={search_term_string}\"},\"query-input\":{\"@type\":\"PropertyValueSpecification\",\"valueRequired\":true,\"valueName\":\"search_term_string\"}}],\"inLanguage\":\"pt-BR\"}]}<\/script>\n<!-- \/ Yoast SEO plugin. -->","yoast_head_json":{"title":"O amor \u00e9 demi-sec - Luciane Monteiro","robots":{"index":"index","follow":"follow","max-snippet":"max-snippet:-1","max-image-preview":"max-image-preview:large","max-video-preview":"max-video-preview:-1"},"canonical":"https:\/\/lucianemonteiro.com\/index.php\/o-amor-e-demi-sec\/","og_locale":"pt_BR","og_type":"article","og_title":"O amor \u00e9 demi-sec - Luciane Monteiro","og_description":"Quer uma hist\u00f3ria de amor bem leve? Para quem adora hist\u00f3rias de recome\u00e7os!!! Sinopse: Ele sofreu uma perda irrepar\u00e1vel, ela sofreu uma desilus\u00e3o imperdo\u00e1vel. Dois solit\u00e1rios ariscos que se aproximaram para reerguer uma empresa de eventos. Por\u00e9m, ao longo dessa sociedade, dividiram tamb\u00e9m a paix\u00e3o pela m\u00fasica e pelas noites enluaradas. Descobriram, ainda, o suporte e afeto que poderiam compartilhar para a cura de suas feridas. O dif\u00edcil, contudo, era manter todo esse afeto separado de sentimentos mais profundos&#8230; Adquira a obra: Amazon Resenhas: Um cantinho s\u00f3 meu &#8211; Nati Livros de Romance &#8211; Divas literariass E tem mais resenhas no Instagram! #romance #minasgerais #saosebastiaodorioverde #recome\u00e7o #amizade #ebook #capacomum #amazon","og_url":"https:\/\/lucianemonteiro.com\/index.php\/o-amor-e-demi-sec\/","og_site_name":"Luciane Monteiro","article_modified_time":"2021-09-17T16:44:57+00:00","og_image":[{"url":"https:\/\/lucianemonteiro.com\/wp-content\/uploads\/2021\/01\/Que-tal-um-e-book-com-uma-historia-bem-romantica_-1024x1024.jpg","type":"","width":"","height":""}],"twitter_card":"summary_large_image","twitter_misc":{"Est. tempo de leitura":"1 minuto"},"schema":{"@context":"https:\/\/schema.org","@graph":[{"@type":"WebPage","@id":"https:\/\/lucianemonteiro.com\/index.php\/o-amor-e-demi-sec\/","url":"https:\/\/lucianemonteiro.com\/index.php\/o-amor-e-demi-sec\/","name":"O amor \u00e9 demi-sec - Luciane Monteiro","isPartOf":{"@id":"https:\/\/lucianemonteiro.com\/#website"},"primaryImageOfPage":{"@id":"https:\/\/lucianemonteiro.com\/index.php\/o-amor-e-demi-sec\/#primaryimage"},"image":{"@id":"https:\/\/lucianemonteiro.com\/index.php\/o-amor-e-demi-sec\/#primaryimage"},"thumbnailUrl":"https:\/\/lucianemonteiro.com\/wp-content\/uploads\/2021\/01\/Que-tal-um-e-book-com-uma-historia-bem-romantica_-1024x1024.jpg","datePublished":"2021-01-17T03:40:55+00:00","dateModified":"2021-09-17T16:44:57+00:00","breadcrumb":{"@id":"https:\/\/lucianemonteiro.com\/index.php\/o-amor-e-demi-sec\/#breadcrumb"},"inLanguage":"pt-BR","potentialAction":[{"@type":"ReadAction","target":["https:\/\/lucianemonteiro.com\/index.php\/o-amor-e-demi-sec\/"]}]},{"@type":"ImageObject","inLanguage":"pt-BR","@id":"https:\/\/lucianemonteiro.com\/index.php\/o-amor-e-demi-sec\/#primaryimage","url":"https:\/\/lucianemonteiro.com\/wp-content\/uploads\/2021\/01\/Que-tal-um-e-book-com-uma-historia-bem-romantica_.jpg","contentUrl":"https:\/\/lucianemonteiro.com\/wp-content\/uploads\/2021\/01\/Que-tal-um-e-book-com-uma-historia-bem-romantica_.jpg","width":1080,"height":1080},{"@type":"BreadcrumbList","@id":"https:\/\/lucianemonteiro.com\/index.php\/o-amor-e-demi-sec\/#breadcrumb","itemListElement":[{"@type":"ListItem","position":1,"name":"In\u00edcio","item":"https:\/\/lucianemonteiro.com\/"},{"@type":"ListItem","position":2,"name":"O amor \u00e9 demi-sec"}]},{"@type":"WebSite","@id":"https:\/\/lucianemonteiro.com\/#website","url":"https:\/\/lucianemonteiro.com\/","name":"Luciane Monteiro","description":"Escritos","potentialAction":[{"@type":"SearchAction","target":{"@type":"EntryPoint","urlTemplate":"https:\/\/lucianemonteiro.com\/?s={search_term_string}"},"query-input":{"@type":"PropertyValueSpecification","valueRequired":true,"valueName":"search_term_string"}}],"inLanguage":"pt-BR"}]}},"acf":[],"_links":{"self":[{"href":"https:\/\/lucianemonteiro.com\/index.php\/wp-json\/wp\/v2\/pages\/136","targetHints":{"allow":["GET"]}}],"collection":[{"href":"https:\/\/lucianemonteiro.com\/index.php\/wp-json\/wp\/v2\/pages"}],"about":[{"href":"https:\/\/lucianemonteiro.com\/index.php\/wp-json\/wp\/v2\/types\/page"}],"author":[{"embeddable":true,"href":"https:\/\/lucianemonteiro.com\/index.php\/wp-json\/wp\/v2\/users\/1"}],"replies":[{"embeddable":true,"href":"https:\/\/lucianemonteiro.com\/index.php\/wp-json\/wp\/v2\/comments?post=136"}],"version-history":[{"count":22,"href":"https:\/\/lucianemonteiro.com\/index.php\/wp-json\/wp\/v2\/pages\/136\/revisions"}],"predecessor-version":[{"id":1501,"href":"https:\/\/lucianemonteiro.com\/index.php\/wp-json\/wp\/v2\/pages\/136\/revisions\/1501"}],"wp:attachment":[{"href":"https:\/\/lucianemonteiro.com\/index.php\/wp-json\/wp\/v2\/media?parent=136"}],"curies":[{"name":"wp","href":"https:\/\/api.w.org\/{rel}","templated":true}]}}